{"id":906,"date":"2015-07-24T11:35:46","date_gmt":"2015-07-24T09:35:46","guid":{"rendered":"http:\/\/www.klaunika.eu\/?page_id=906"},"modified":"2015-07-24T11:40:52","modified_gmt":"2015-07-24T09:40:52","slug":"miroslava-oberreiterova","status":"publish","type":"page","link":"https:\/\/www.klaunika.eu\/?page_id=906","title":{"rendered":"MIROSLAVA OBERREITEROV\u00c1"},"content":{"rendered":"<p style=\"text-align: justify;\">Mal\u00ed\u0159\u010diny olejomalby sv\u011bd\u010d\u00ed o z\u00e1pasech detail\u016f a celku, zemit\u00e9 podstaty barevnosti a snov\u00e9 mod\u0159e i nebarevn\u00e9 pr\u016fzra\u010dnosti. Oberreiterov\u00e1 dok\u00e1\u017ee zaplnit plochu obrazu n\u011bkolika rovinami, kter\u00e9 se prol\u00ednaj\u00ed a v\u00fdznamov\u011b p\u0159esahuj\u00ed. Um\u00ed barvou vyj\u00e1d\u0159it smutek i radost, rozlad\u011bni i nad\u0161eni rozz\u00e1\u0159en\u00fdch o\u010di. Sy\u017eety jej\u00edch her vystupuj\u00ed z vesm\u00edru pacht\u011bn\u00ed, aby dostaly obrysy donkichotovsk\u00e9 marnosti, \u00fazkosti pod sloupy katedr\u00e1l, destrukce ma\u0161karnich ples\u016f a loutkov\u00fdch her a ve v\u00fdslednici daly tu\u0161it, \u017ee skute\u010dn\u00fd \u017eivot je o n\u011b\u010dem jin\u00e9m.<\/p>\n<p>&nbsp;<\/p>\n<p><strong>Mal\u00ed\u0159ka Miroslava Oberreiterov\u00e1<\/strong><\/p>\n<p style=\"text-align: justify;\">V roce 1985 ukon\u010dila studium na St\u0159edn\u00ed Um\u011bleckopr\u016fmyslov\u00e9 \u0161kole v\u00a0Brn\u011b, obo<img fetchpriority=\"high\" decoding=\"async\" class=\"size-medium wp-image-900 alignleft\" src=\"https:\/\/www.klaunika.eu\/wp-content\/uploads\/2015\/07\/malirka_oberreiterova-300x225.jpg\" alt=\"malirka_oberreiterova\" width=\"300\" height=\"225\" srcset=\"https:\/\/www.klaunika.eu\/wp-content\/uploads\/2015\/07\/malirka_oberreiterova-300x225.jpg 300w, https:\/\/www.klaunika.eu\/wp-content\/uploads\/2015\/07\/malirka_oberreiterova.jpg 800w\" sizes=\"(max-width: 300px) 100vw, 300px\" \/>r grafika a design. Pracovala v ateli\u00e9ru profesor\u016f Ivana a Dalibora Chatrn\u00e9ho. Od roku 1987 se intenzivn\u011b v\u011bnuje malb\u011b a to p\u0159edev\u0161\u00edm olejomalb\u011b, ale tak\u00e9 akrylu i pastelu. Jej\u00ed v\u00fdstavn\u00ed \u010dinnost je velmi bohat\u00e1, vystavuje nejen v \u010cesk\u00e9 republice (nap\u0159. Parlament \u010cR), ale i v Holandsku, Francii, It\u00e1lii (V\u00fdtvarn\u00e9 symposium m\u011bsta Fanano). V\u00fdznamnou v\u00fdstavn\u00ed realizaci m\u011bla v N\u00e1rodn\u00ed Galerii Seychellsk\u00e9 republiky, kde byla na p\u016flro\u010dn\u00ed studijn\u00edm pobytu a jej\u00ed d\u00edlo\u00a0se stalo sou\u010d\u00e1st\u00ed unik\u00e1tn\u00ed sb\u00edrky N\u00e1rodn\u00ed Galerie Seychelly (1995). Od roku 2001 vystavuje, a tvo\u0159\u00ed sou\u010dasn\u011b v Praze a v USA, kde je zastoupena v n\u011bkolika galeri\u00edch st\u00e1t\u016f Florida a New York. Mezi jej\u00ed dal\u0161\u00ed um\u011bleck\u00e9 \u010dinnosti pat\u0159\u00ed divadeln\u00ed sc\u00e9nografie a kost\u00fdmn\u00ed n\u00e1vrh\u00e1\u0159stv\u00ed, zaj\u00edmav\u00e9 realizace nap\u0159.: Rad\u016fz a Mahulena \u2013 Zemsk\u00e9 N\u00e1rodn\u00ed divadlo v\u00a0Olomouci, nebo Othello \u2013 Divadlo v 7 a p\u016fl v Brn\u011b. V roce 2006 se stala v\u00edt\u011bzkou Art festivalu v \u010cesk\u00fdch Bud\u011bjovic\u00edch, ud\u011blen\u00ed prvn\u00ed ceny bylo uskute\u010dn\u011bn\u00ed v\u00fdstavy v Univerzitn\u00ed knihovn\u011b Fout Lauderdale (2007). Obrazy Miroslavy Oberreiterov\u00e9 jsou zastoupeny v mnoha soukrom\u00fdch sb\u00edrk\u00e1ch: sb\u00edrka pana re\u017eis\u00e9ra Milo\u0161e Formana, sb\u00edrka Vala\u0161sk\u00e9ho kr\u00e1le Boleslava Pol\u00edvky, u b\u00fdval\u00e9ho ministra kultury Pavla Dost\u00e1la.<\/p>\n<p style=\"text-align: justify;\"><div class=\"su-custom-gallery su-custom-gallery-align-left su-custom-gallery-title-never su-lightbox-gallery\"><div class=\"su-custom-gallery-slide\" style=\"width:100px;height:100px\"><a href=\"https:\/\/www.klaunika.eu\/wp-content\/uploads\/2015\/07\/miri.jpg\" title=\"miri\"><img decoding=\"async\" src=\"https:\/\/www.klaunika.eu\/wp-content\/uploads\/2015\/07\/miri-100x100.jpg\" alt=\"miri\" width=\"100\" height=\"100\" \/><span class=\"su-custom-gallery-title\">miri<\/span><\/a><\/div><div class=\"su-custom-gallery-slide\" style=\"width:100px;height:100px\"><a href=\"https:\/\/www.klaunika.eu\/wp-content\/uploads\/2015\/07\/oberreiterova_1.jpg\" title=\"oberreiterova_1\"><img decoding=\"async\" src=\"https:\/\/www.klaunika.eu\/wp-content\/uploads\/2015\/07\/oberreiterova_1-100x100.jpg\" alt=\"oberreiterova_1\" width=\"100\" height=\"100\" \/><span class=\"su-custom-gallery-title\">oberreiterova_1<\/span><\/a><\/div><div class=\"su-custom-gallery-slide\" style=\"width:100px;height:100px\"><a href=\"https:\/\/www.klaunika.eu\/wp-content\/uploads\/2015\/07\/mirka.jpg\" title=\"mirka\"><img loading=\"lazy\" decoding=\"async\" src=\"https:\/\/www.klaunika.eu\/wp-content\/uploads\/2015\/07\/mirka-100x100.jpg\" alt=\"mirka\" width=\"100\" height=\"100\" \/><span class=\"su-custom-gallery-title\">mirka<\/span><\/a><\/div><div class=\"su-custom-gallery-slide\" style=\"width:100px;height:100px\"><a href=\"https:\/\/www.klaunika.eu\/wp-content\/uploads\/2015\/07\/malirka_oberreiterova.jpg\" title=\"malirka_oberreiterova\"><img loading=\"lazy\" decoding=\"async\" src=\"https:\/\/www.klaunika.eu\/wp-content\/uploads\/2015\/07\/malirka_oberreiterova-100x100.jpg\" alt=\"malirka_oberreiterova\" width=\"100\" height=\"100\" \/><span class=\"su-custom-gallery-title\">malirka_oberreiterova<\/span><\/a><\/div><div class=\"su-clear\"><\/div><\/div>\n","protected":false},"excerpt":{"rendered":"<p>Mal\u00ed\u0159\u010diny olejomalby sv\u011bd\u010d\u00ed o z\u00e1pasech detail\u016f a celku, zemit\u00e9 podstaty barevnosti a snov\u00e9 mod\u0159e i nebarevn\u00e9 pr\u016fzra\u010dnosti. Oberreiterov\u00e1 dok\u00e1\u017ee zaplnit plochu obrazu n\u011bkolika rovinami, kter\u00e9 se prol\u00ednaj\u00ed a v\u00fdznamov\u011b p\u0159esahuj\u00ed. Um\u00ed barvou vyj\u00e1d\u0159it smutek i radost, rozlad\u011bni i nad\u0161eni rozz\u00e1\u0159en\u00fdch o\u010di. Sy\u017eety jej\u00edch her vystupuj\u00ed z vesm\u00edru pacht\u011bn\u00ed, aby dostaly obrysy donkichotovsk\u00e9 marnosti, \u00fazkosti pod [&hellip;]<\/p>\n","protected":false},"author":1,"featured_media":907,"parent":0,"menu_order":0,"comment_status":"closed","ping_status":"open","template":"","meta":{"footnotes":""},"class_list":["post-906","page","type-page","status-publish","has-post-thumbnail","hentry"],"yoast_head":"<!-- This site is optimized with the Yoast SEO plugin v27.5 - https:\/\/yoast.com\/product\/yoast-seo-wordpress\/ -->\n<title>MIROSLAVA OBERREITEROV\u00c1 - DIVADLO KLAUNIKY BRNO<\/title>\n<meta name=\"robots\" content=\"index, follow, max-snippet:-1, max-image-preview:large, max-video-preview:-1\" \/>\n<link rel=\"canonical\" href=\"https:\/\/www.klaunika.eu\/?page_id=906\" \/>\n<meta property=\"og:locale\" content=\"cs_CZ\" \/>\n<meta property=\"og:type\" content=\"article\" \/>\n<meta property=\"og:title\" content=\"MIROSLAVA OBERREITEROV\u00c1 - DIVADLO KLAUNIKY BRNO\" \/>\n<meta property=\"og:description\" content=\"Mal\u00ed\u0159\u010diny olejomalby sv\u011bd\u010d\u00ed o z\u00e1pasech detail\u016f a celku, zemit\u00e9 podstaty barevnosti a snov\u00e9 mod\u0159e i nebarevn\u00e9 pr\u016fzra\u010dnosti. Oberreiterov\u00e1 dok\u00e1\u017ee zaplnit plochu obrazu n\u011bkolika rovinami, kter\u00e9 se prol\u00ednaj\u00ed a v\u00fdznamov\u011b p\u0159esahuj\u00ed. Um\u00ed barvou vyj\u00e1d\u0159it smutek i radost, rozlad\u011bni i nad\u0161eni rozz\u00e1\u0159en\u00fdch o\u010di. Sy\u017eety jej\u00edch her vystupuj\u00ed z vesm\u00edru pacht\u011bn\u00ed, aby dostaly obrysy donkichotovsk\u00e9 marnosti, \u00fazkosti pod [&hellip;]\" \/>\n<meta property=\"og:url\" content=\"https:\/\/www.klaunika.eu\/?page_id=906\" \/>\n<meta property=\"og:site_name\" content=\"DIVADLO KLAUNIKY BRNO\" \/>\n<meta property=\"article:modified_time\" content=\"2015-07-24T09:40:52+00:00\" \/>\n<meta property=\"og:image\" content=\"https:\/\/www.klaunika.eu\/wp-content\/uploads\/2015\/07\/obraz\u010db.jpg\" \/>\n\t<meta property=\"og:image:width\" content=\"800\" \/>\n\t<meta property=\"og:image:height\" content=\"534\" \/>\n\t<meta property=\"og:image:type\" content=\"image\/jpeg\" \/>\n<meta name=\"twitter:card\" content=\"summary_large_image\" \/>\n<meta name=\"twitter:label1\" content=\"Odhadovan\u00e1 doba \u010dten\u00ed\" \/>\n\t<meta name=\"twitter:data1\" content=\"2 minuty\" \/>\n<script type=\"application\/ld+json\" class=\"yoast-schema-graph\">{\"@context\":\"https:\\\/\\\/schema.org\",\"@graph\":[{\"@type\":\"WebPage\",\"@id\":\"https:\\\/\\\/www.klaunika.eu\\\/?page_id=906\",\"url\":\"https:\\\/\\\/www.klaunika.eu\\\/?page_id=906\",\"name\":\"MIROSLAVA OBERREITEROV\u00c1 - DIVADLO KLAUNIKY BRNO\",\"isPartOf\":{\"@id\":\"https:\\\/\\\/www.klaunika.eu\\\/#website\"},\"primaryImageOfPage\":{\"@id\":\"https:\\\/\\\/www.klaunika.eu\\\/?page_id=906#primaryimage\"},\"image\":{\"@id\":\"https:\\\/\\\/www.klaunika.eu\\\/?page_id=906#primaryimage\"},\"thumbnailUrl\":\"https:\\\/\\\/www.klaunika.eu\\\/wp-content\\\/uploads\\\/2015\\\/07\\\/obraz\u010db.jpg\",\"datePublished\":\"2015-07-24T09:35:46+00:00\",\"dateModified\":\"2015-07-24T09:40:52+00:00\",\"breadcrumb\":{\"@id\":\"https:\\\/\\\/www.klaunika.eu\\\/?page_id=906#breadcrumb\"},\"inLanguage\":\"cs\",\"potentialAction\":[{\"@type\":\"ReadAction\",\"target\":[\"https:\\\/\\\/www.klaunika.eu\\\/?page_id=906\"]}]},{\"@type\":\"ImageObject\",\"inLanguage\":\"cs\",\"@id\":\"https:\\\/\\\/www.klaunika.eu\\\/?page_id=906#primaryimage\",\"url\":\"https:\\\/\\\/www.klaunika.eu\\\/wp-content\\\/uploads\\\/2015\\\/07\\\/obraz\u010db.jpg\",\"contentUrl\":\"https:\\\/\\\/www.klaunika.eu\\\/wp-content\\\/uploads\\\/2015\\\/07\\\/obraz\u010db.jpg\",\"width\":800,\"height\":534},{\"@type\":\"BreadcrumbList\",\"@id\":\"https:\\\/\\\/www.klaunika.eu\\\/?page_id=906#breadcrumb\",\"itemListElement\":[{\"@type\":\"ListItem\",\"position\":1,\"name\":\"Dom\u016f\",\"item\":\"https:\\\/\\\/www.klaunika.eu\\\/\"},{\"@type\":\"ListItem\",\"position\":2,\"name\":\"MIROSLAVA OBERREITEROV\u00c1\"}]},{\"@type\":\"WebSite\",\"@id\":\"https:\\\/\\\/www.klaunika.eu\\\/#website\",\"url\":\"https:\\\/\\\/www.klaunika.eu\\\/\",\"name\":\"DIVADLO KLAUNIKY BRNO\",\"description\":\"SOUKROM\u00c1 SC\u00c9NA HUMORU\",\"publisher\":{\"@id\":\"https:\\\/\\\/www.klaunika.eu\\\/#organization\"},\"potentialAction\":[{\"@type\":\"SearchAction\",\"target\":{\"@type\":\"EntryPoint\",\"urlTemplate\":\"https:\\\/\\\/www.klaunika.eu\\\/?s={search_term_string}\"},\"query-input\":{\"@type\":\"PropertyValueSpecification\",\"valueRequired\":true,\"valueName\":\"search_term_string\"}}],\"inLanguage\":\"cs\"},{\"@type\":\"Organization\",\"@id\":\"https:\\\/\\\/www.klaunika.eu\\\/#organization\",\"name\":\"DIVADLO KLAUNIKY BRNO\",\"url\":\"https:\\\/\\\/www.klaunika.eu\\\/\",\"logo\":{\"@type\":\"ImageObject\",\"inLanguage\":\"cs\",\"@id\":\"https:\\\/\\\/www.klaunika.eu\\\/#\\\/schema\\\/logo\\\/image\\\/\",\"url\":\"https:\\\/\\\/www.klaunika.eu\\\/wp-content\\\/uploads\\\/2021\\\/11\\\/cropped-cropped-PSX_20211123_210259.jpg\",\"contentUrl\":\"https:\\\/\\\/www.klaunika.eu\\\/wp-content\\\/uploads\\\/2021\\\/11\\\/cropped-cropped-PSX_20211123_210259.jpg\",\"width\":248,\"height\":248,\"caption\":\"DIVADLO KLAUNIKY BRNO\"},\"image\":{\"@id\":\"https:\\\/\\\/www.klaunika.eu\\\/#\\\/schema\\\/logo\\\/image\\\/\"}}]}<\/script>\n<!-- \/ Yoast SEO plugin. -->","yoast_head_json":{"title":"MIROSLAVA OBERREITEROV\u00c1 - DIVADLO KLAUNIKY BRNO","robots":{"index":"index","follow":"follow","max-snippet":"max-snippet:-1","max-image-preview":"max-image-preview:large","max-video-preview":"max-video-preview:-1"},"canonical":"https:\/\/www.klaunika.eu\/?page_id=906","og_locale":"cs_CZ","og_type":"article","og_title":"MIROSLAVA OBERREITEROV\u00c1 - DIVADLO KLAUNIKY BRNO","og_description":"Mal\u00ed\u0159\u010diny olejomalby sv\u011bd\u010d\u00ed o z\u00e1pasech detail\u016f a celku, zemit\u00e9 podstaty barevnosti a snov\u00e9 mod\u0159e i nebarevn\u00e9 pr\u016fzra\u010dnosti. Oberreiterov\u00e1 dok\u00e1\u017ee zaplnit plochu obrazu n\u011bkolika rovinami, kter\u00e9 se prol\u00ednaj\u00ed a v\u00fdznamov\u011b p\u0159esahuj\u00ed. Um\u00ed barvou vyj\u00e1d\u0159it smutek i radost, rozlad\u011bni i nad\u0161eni rozz\u00e1\u0159en\u00fdch o\u010di. Sy\u017eety jej\u00edch her vystupuj\u00ed z vesm\u00edru pacht\u011bn\u00ed, aby dostaly obrysy donkichotovsk\u00e9 marnosti, \u00fazkosti pod [&hellip;]","og_url":"https:\/\/www.klaunika.eu\/?page_id=906","og_site_name":"DIVADLO KLAUNIKY BRNO","article_modified_time":"2015-07-24T09:40:52+00:00","og_image":[{"width":800,"height":534,"url":"https:\/\/www.klaunika.eu\/wp-content\/uploads\/2015\/07\/obraz\u010db.jpg","type":"image\/jpeg"}],"twitter_card":"summary_large_image","twitter_misc":{"Odhadovan\u00e1 doba \u010dten\u00ed":"2 minuty"},"schema":{"@context":"https:\/\/schema.org","@graph":[{"@type":"WebPage","@id":"https:\/\/www.klaunika.eu\/?page_id=906","url":"https:\/\/www.klaunika.eu\/?page_id=906","name":"MIROSLAVA OBERREITEROV\u00c1 - DIVADLO KLAUNIKY BRNO","isPartOf":{"@id":"https:\/\/www.klaunika.eu\/#website"},"primaryImageOfPage":{"@id":"https:\/\/www.klaunika.eu\/?page_id=906#primaryimage"},"image":{"@id":"https:\/\/www.klaunika.eu\/?page_id=906#primaryimage"},"thumbnailUrl":"https:\/\/www.klaunika.eu\/wp-content\/uploads\/2015\/07\/obraz\u010db.jpg","datePublished":"2015-07-24T09:35:46+00:00","dateModified":"2015-07-24T09:40:52+00:00","breadcrumb":{"@id":"https:\/\/www.klaunika.eu\/?page_id=906#breadcrumb"},"inLanguage":"cs","potentialAction":[{"@type":"ReadAction","target":["https:\/\/www.klaunika.eu\/?page_id=906"]}]},{"@type":"ImageObject","inLanguage":"cs","@id":"https:\/\/www.klaunika.eu\/?page_id=906#primaryimage","url":"https:\/\/www.klaunika.eu\/wp-content\/uploads\/2015\/07\/obraz\u010db.jpg","contentUrl":"https:\/\/www.klaunika.eu\/wp-content\/uploads\/2015\/07\/obraz\u010db.jpg","width":800,"height":534},{"@type":"BreadcrumbList","@id":"https:\/\/www.klaunika.eu\/?page_id=906#breadcrumb","itemListElement":[{"@type":"ListItem","position":1,"name":"Dom\u016f","item":"https:\/\/www.klaunika.eu\/"},{"@type":"ListItem","position":2,"name":"MIROSLAVA OBERREITEROV\u00c1"}]},{"@type":"WebSite","@id":"https:\/\/www.klaunika.eu\/#website","url":"https:\/\/www.klaunika.eu\/","name":"DIVADLO KLAUNIKY BRNO","description":"SOUKROM\u00c1 SC\u00c9NA HUMORU","publisher":{"@id":"https:\/\/www.klaunika.eu\/#organization"},"potentialAction":[{"@type":"SearchAction","target":{"@type":"EntryPoint","urlTemplate":"https:\/\/www.klaunika.eu\/?s={search_term_string}"},"query-input":{"@type":"PropertyValueSpecification","valueRequired":true,"valueName":"search_term_string"}}],"inLanguage":"cs"},{"@type":"Organization","@id":"https:\/\/www.klaunika.eu\/#organization","name":"DIVADLO KLAUNIKY BRNO","url":"https:\/\/www.klaunika.eu\/","logo":{"@type":"ImageObject","inLanguage":"cs","@id":"https:\/\/www.klaunika.eu\/#\/schema\/logo\/image\/","url":"https:\/\/www.klaunika.eu\/wp-content\/uploads\/2021\/11\/cropped-cropped-PSX_20211123_210259.jpg","contentUrl":"https:\/\/www.klaunika.eu\/wp-content\/uploads\/2021\/11\/cropped-cropped-PSX_20211123_210259.jpg","width":248,"height":248,"caption":"DIVADLO KLAUNIKY BRNO"},"image":{"@id":"https:\/\/www.klaunika.eu\/#\/schema\/logo\/image\/"}}]}},"_links":{"self":[{"href":"https:\/\/www.klaunika.eu\/index.php?rest_route=\/wp\/v2\/pages\/906","targetHints":{"allow":["GET"]}}],"collection":[{"href":"https:\/\/www.klaunika.eu\/index.php?rest_route=\/wp\/v2\/pages"}],"about":[{"href":"https:\/\/www.klaunika.eu\/index.php?rest_route=\/wp\/v2\/types\/page"}],"author":[{"embeddable":true,"href":"https:\/\/www.klaunika.eu\/index.php?rest_route=\/wp\/v2\/users\/1"}],"replies":[{"embeddable":true,"href":"https:\/\/www.klaunika.eu\/index.php?rest_route=%2Fwp%2Fv2%2Fcomments&post=906"}],"version-history":[{"count":3,"href":"https:\/\/www.klaunika.eu\/index.php?rest_route=\/wp\/v2\/pages\/906\/revisions"}],"predecessor-version":[{"id":912,"href":"https:\/\/www.klaunika.eu\/index.php?rest_route=\/wp\/v2\/pages\/906\/revisions\/912"}],"wp:featuredmedia":[{"embeddable":true,"href":"https:\/\/www.klaunika.eu\/index.php?rest_route=\/wp\/v2\/media\/907"}],"wp:attachment":[{"href":"https:\/\/www.klaunika.eu\/index.php?rest_route=%2Fwp%2Fv2%2Fmedia&parent=906"}],"curies":[{"name":"wp","href":"https:\/\/api.w.org\/{rel}","templated":true}]}}