{"id":756,"date":"2015-07-09T15:46:12","date_gmt":"2015-07-09T13:46:12","guid":{"rendered":"http:\/\/www.klaunika.eu\/?page_id=756"},"modified":"2016-06-19T12:42:42","modified_gmt":"2016-06-19T10:42:42","slug":"integracni-predstaveni","status":"publish","type":"page","link":"https:\/\/www.klaunika.eu\/?page_id=756","title":{"rendered":"INTEGRA\u010cN\u00cd P\u0158EDSTAVEN\u00cd 2015"},"content":{"rendered":"<p><span style=\"color: #ff0000;\"><a href=\"https:\/\/www.klaunika.eu\/wp-content\/uploads\/2015\/07\/jezci-13.jpg\"><img decoding=\"async\" class=\"wp-image-789 alignleft\" src=\"https:\/\/www.klaunika.eu\/wp-content\/uploads\/2015\/07\/jezci-13-300x225.jpg\" alt=\"jezci-13\" width=\"135\" height=\"101\" srcset=\"https:\/\/www.klaunika.eu\/wp-content\/uploads\/2015\/07\/jezci-13-300x225.jpg 300w, https:\/\/www.klaunika.eu\/wp-content\/uploads\/2015\/07\/jezci-13.jpg 652w\" sizes=\"(max-width: 135px) 100vw, 135px\" \/><\/a>31.7. &#8211; 17:00<\/span> Stacion\u00e1\u0159 <strong>Ok\u00fdnko <\/strong>z Mohelnice p\u0159edstav\u00ed svoji poh\u00e1dku o je\u017ekovi, kter\u00fd cht\u011bl po\u0159\u00e1d a po\u0159\u00e1d jenom tancovat. <a href=\"https:\/\/www.klaunika.eu\/?page_id=788\">V\u00edce zde<\/a>.<\/p>\n<p>&nbsp;<\/p>\n<p style=\"text-align: justify;\">\u00a0<span style=\"color: #ff0000;\"><a href=\"https:\/\/www.klaunika.eu\/wp-content\/uploads\/2015\/07\/viazanicka-metla-20.jpg\"><img decoding=\"async\" class=\"wp-image-749 alignleft\" src=\"https:\/\/www.klaunika.eu\/wp-content\/uploads\/2015\/07\/viazanicka-metla-20-300x200.jpg\" alt=\"viazanicka metla 20\" width=\"134\" height=\"89\" srcset=\"https:\/\/www.klaunika.eu\/wp-content\/uploads\/2015\/07\/viazanicka-metla-20-300x200.jpg 300w, https:\/\/www.klaunika.eu\/wp-content\/uploads\/2015\/07\/viazanicka-metla-20-1024x682.jpg 1024w\" sizes=\"(max-width: 134px) 100vw, 134px\" \/><\/a>31.7. &#8211; 18:00<\/span> <strong>Divadlo z Pas\u00e1\u017ee <\/strong>z Bansk\u00e9 Bystrice zahraje poh\u00e1dku o my\u0161k\u00e1ch, kter\u00e9 si bezstarostn\u011b \u017eij\u00ed na poli a ob\u010das n\u011bco popletou. <a href=\"https:\/\/www.klaunika.eu\/?page_id=746\">V\u00edce zde<\/a>.<\/p>\n<p style=\"text-align: justify;\">\n<p style=\"text-align: justify;\">\n<p style=\"text-align: justify;\"><span style=\"color: #ff0000;\">31.7. &#8211; 20:30<\/span> <em>V<\/em><em>oli\u010dsk\u00e1 kampa\u0148 Strany <\/em><span style=\"color: #ff0000;\"><a href=\"https:\/\/www.klaunika.eu\/wp-content\/uploads\/2015\/05\/DSC_1256.jpg\"><img decoding=\"async\" class=\"wp-image-530 alignleft\" src=\"https:\/\/www.klaunika.eu\/wp-content\/uploads\/2015\/05\/DSC_1256-300x199.jpg\" alt=\"DSC_1256\" width=\"167\" height=\"111\" srcset=\"https:\/\/www.klaunika.eu\/wp-content\/uploads\/2015\/05\/DSC_1256-300x199.jpg 300w, https:\/\/www.klaunika.eu\/wp-content\/uploads\/2015\/05\/DSC_1256.jpg 902w\" sizes=\"(max-width: 167px) 100vw, 167px\" \/><\/a><\/span><em>m\u00edrn\u00e9ho pokroku v mez\u00edch z\u00e1kona tedy <\/em><em>p\u0159\u00edrodn\u00edho <\/em>je integra\u010dn\u00ed inscenace, pro n\u00ed\u017e byla zvolena forma happeningu. Je vedena jako parlamentn\u00ed jedn\u00e1ny Strany, projevy zdrav\u00fdch herc\u016f vych\u00e1zej\u00ed z Ha\u0161kov\u00fdch text\u016f, zat\u00edmco proslovy ment\u00e1ln\u011b posti\u017een\u00fdch jsou spont\u00e1nn\u00ed reakc\u00ed nejen na d\u0159\u00edve vy\u0159\u010den\u00e9, ale na d\u011bn\u00ed ve sv\u011bt\u011b kolem n\u00e1s. <a href=\"https:\/\/www.klaunika.eu\/?page_id=57\">V\u00edce zde.<\/a><\/p>\n<p style=\"text-align: justify;\"><span style=\"color: #ff0000;\"><a href=\"https:\/\/www.klaunika.eu\/wp-content\/uploads\/2015\/07\/artaud.png\"><img loading=\"lazy\" decoding=\"async\" class=\"wp-image-757 alignleft\" src=\"https:\/\/www.klaunika.eu\/wp-content\/uploads\/2015\/07\/artaud-300x225.png\" alt=\"artaud\" width=\"156\" height=\"117\" srcset=\"https:\/\/www.klaunika.eu\/wp-content\/uploads\/2015\/07\/artaud-300x225.png 300w, https:\/\/www.klaunika.eu\/wp-content\/uploads\/2015\/07\/artaud.png 474w\" sizes=\"(max-width: 156px) 100vw, 156px\" \/><\/a>1.8. &#8211; 16:30<\/span> <strong>Bohnick\u00e1 divadeln\u00ed spole\u010dnost <\/strong>se ve sv\u00e9 inscenaci nechala inspirovat \u017eivotem a d\u00edlem Antonina Artauda. \u0160\u00edlen\u00fd Artaud, francouzsk\u00fd b\u00e1sn\u00edk a divadeln\u00edk, Artaud trp\u00edc\u00ed, bou\u0159\u00edc\u00ed se, v\u011b\u010dn\u011b hledaj\u00edc\u00ed\u2026 V\u00fdznamn\u00fd p\u0159edstavitel evropsk\u00e9 meziv\u00e1le\u010dn\u00e9 avantgardy, kter\u00fd svoj\u00ed ideou \u201ekrut\u00e9ho divadla\u201c z\u00e1sadn\u011b ovlivnil modern\u00ed sc\u00e9nick\u00e9 um\u011bn\u00ed. Od d\u011btstv\u00ed trp\u011bl nevyl\u00e9\u010ditelnou du\u0161evn\u00ed chorobou, kter\u00e1 jeho \u017eivot a d\u00edlo p\u0159edur\u010dovala. <a href=\"https:\/\/www.klaunika.eu\/?page_id=781\">V\u00edce zde<\/a>.<\/p>\n<p style=\"text-align: justify;\"><span style=\"color: #ff0000;\"><a href=\"https:\/\/www.klaunika.eu\/wp-content\/uploads\/2015\/07\/bilah7.jpg\"><img loading=\"lazy\" decoding=\"async\" class=\"wp-image-772 alignleft\" src=\"https:\/\/www.klaunika.eu\/wp-content\/uploads\/2015\/07\/bilah7-300x200.jpg\" alt=\"bilah7\" width=\"170\" height=\"113\" srcset=\"https:\/\/www.klaunika.eu\/wp-content\/uploads\/2015\/07\/bilah7-300x200.jpg 300w, https:\/\/www.klaunika.eu\/wp-content\/uploads\/2015\/07\/bilah7.jpg 733w\" sizes=\"(max-width: 170px) 100vw, 170px\" \/><\/a>1.8. &#8211; 19:00<\/span> Ob\u010dansk\u00e9 sdru\u017een\u00ed <strong>B\u00edl\u00e1 holubice <\/strong>p\u0159iveze z Ostravy tane\u010dn\u00ed integra\u010dn\u00ed p\u0159edstaven\u00ed vytvo\u0159en\u00e9 speci\u00e1ln\u011b pro toto ro\u010dn\u00ed obdob\u00ed: <em>Letn\u00ed choro\u0161ku<\/em>. Po boku profesion\u00e1ln\u00edch tane\u010dn\u00edk\u016f tan\u010d\u00ed t\u011blesn\u011b posti\u017een\u00ed. B\u00edl\u00e1 holubice se toti\u017e \u0159\u00edd\u00ed mottem: &#8222;Nem\u016f\u017ee\u0161 chodit, m\u016f\u017ee\u0161 tan\u010dit!&#8220; \u00a0 \u00a0\u00a0 <a href=\"https:\/\/www.klaunika.eu\/?page_id=784\">V\u00edce zde.<\/a><\/p>\n<p style=\"text-align: justify;\"><span style=\"color: #ff0000;\"><a href=\"https:\/\/www.klaunika.eu\/wp-content\/uploads\/2015\/06\/DSC_6925.jpg\"><img loading=\"lazy\" decoding=\"async\" class=\"wp-image-376 alignleft\" src=\"https:\/\/www.klaunika.eu\/wp-content\/uploads\/2015\/06\/DSC_6925-300x199.jpg\" alt=\"DSC_6925\" width=\"194\" height=\"129\" srcset=\"https:\/\/www.klaunika.eu\/wp-content\/uploads\/2015\/06\/DSC_6925-300x199.jpg 300w, https:\/\/www.klaunika.eu\/wp-content\/uploads\/2015\/06\/DSC_6925.jpg 902w\" sizes=\"(max-width: 194px) 100vw, 194px\" \/><\/a>1.8. &#8211; 21:30<\/span><em> And\u011blsk\u00fd kabaret <\/em>je hudebn\u00ed z\u00e1bavn\u00fd po\u0159ad, v n\u011bm\u017e usly\u0161\u00edte spoustu zn\u00e1m\u00fdch popul\u00e1rn\u00edch p\u00edsni\u010dek, uvid\u00edte spoustu bl\u00e1zniv\u00fdch kost\u00fdm\u016f, ale hlavn\u011b se setk\u00e1te s and\u011blsk\u00fdmi hr\u00e1\u010di na hudebn\u00ed n\u00e1stroje \u010di s p\u0159ekladateli do and\u011blsk\u00e9 znakov\u00e9 \u0159e\u010di. Ve\u010der s and\u011blsk\u00fdm kabaretem V\u00e1s zkr\u00e1tka povznese do and\u011blsk\u00fdch v\u00fd\u0161in. <a href=\"https:\/\/www.klaunika.eu\/?page_id=59\">V\u00edce zde<\/a>.<\/p>\n<address style=\"text-align: justify;\">\u2192 <a href=\"https:\/\/www.klaunika.eu\/?page_id=243\">Zp\u011bt<\/a><\/address>\n","protected":false},"excerpt":{"rendered":"<p>31.7. &#8211; 17:00 Stacion\u00e1\u0159 Ok\u00fdnko z Mohelnice p\u0159edstav\u00ed svoji poh\u00e1dku o je\u017ekovi, kter\u00fd cht\u011bl po\u0159\u00e1d a po\u0159\u00e1d jenom tancovat. V\u00edce zde. &nbsp; \u00a031.7. &#8211; 18:00 Divadlo z Pas\u00e1\u017ee z Bansk\u00e9 Bystrice zahraje poh\u00e1dku o my\u0161k\u00e1ch, kter\u00e9 si bezstarostn\u011b \u017eij\u00ed na poli a ob\u010das n\u011bco popletou. V\u00edce zde. 31.7. &#8211; 20:30 Voli\u010dsk\u00e1 kampa\u0148 Strany m\u00edrn\u00e9ho pokroku [&hellip;]<\/p>\n","protected":false},"author":1,"featured_media":773,"parent":243,"menu_order":0,"comment_status":"closed","ping_status":"open","template":"","meta":{"footnotes":""},"class_list":["post-756","page","type-page","status-publish","has-post-thumbnail","hentry"],"yoast_head":"<!-- This site is optimized with the Yoast SEO plugin v27.5 - https:\/\/yoast.com\/product\/yoast-seo-wordpress\/ -->\n<title>INTEGRA\u010cN\u00cd P\u0158EDSTAVEN\u00cd 2015 - DIVADLO KLAUNIKY BRNO<\/title>\n<meta name=\"robots\" content=\"index, follow, max-snippet:-1, max-image-preview:large, max-video-preview:-1\" \/>\n<link rel=\"canonical\" href=\"https:\/\/www.klaunika.eu\/?page_id=756\" \/>\n<meta property=\"og:locale\" content=\"cs_CZ\" \/>\n<meta property=\"og:type\" content=\"article\" \/>\n<meta property=\"og:title\" content=\"INTEGRA\u010cN\u00cd P\u0158EDSTAVEN\u00cd 2015 - DIVADLO KLAUNIKY BRNO\" \/>\n<meta property=\"og:description\" content=\"31.7. &#8211; 17:00 Stacion\u00e1\u0159 Ok\u00fdnko z Mohelnice p\u0159edstav\u00ed svoji poh\u00e1dku o je\u017ekovi, kter\u00fd cht\u011bl po\u0159\u00e1d a po\u0159\u00e1d jenom tancovat. V\u00edce zde. &nbsp; \u00a031.7. &#8211; 18:00 Divadlo z Pas\u00e1\u017ee z Bansk\u00e9 Bystrice zahraje poh\u00e1dku o my\u0161k\u00e1ch, kter\u00e9 si bezstarostn\u011b \u017eij\u00ed na poli a ob\u010das n\u011bco popletou. V\u00edce zde. 31.7. &#8211; 20:30 Voli\u010dsk\u00e1 kampa\u0148 Strany m\u00edrn\u00e9ho pokroku [&hellip;]\" \/>\n<meta property=\"og:url\" content=\"https:\/\/www.klaunika.eu\/?page_id=756\" \/>\n<meta property=\"og:site_name\" content=\"DIVADLO KLAUNIKY BRNO\" \/>\n<meta property=\"article:modified_time\" content=\"2016-06-19T10:42:42+00:00\" \/>\n<meta property=\"og:image\" content=\"https:\/\/www.klaunika.eu\/wp-content\/uploads\/2015\/07\/bilah51.jpg\" \/>\n\t<meta property=\"og:image:width\" content=\"733\" \/>\n\t<meta property=\"og:image:height\" content=\"489\" \/>\n\t<meta property=\"og:image:type\" content=\"image\/jpeg\" \/>\n<meta name=\"twitter:card\" content=\"summary_large_image\" \/>\n<meta name=\"twitter:label1\" content=\"Odhadovan\u00e1 doba \u010dten\u00ed\" \/>\n\t<meta name=\"twitter:data1\" content=\"2 minuty\" \/>\n<script type=\"application\/ld+json\" class=\"yoast-schema-graph\">{\"@context\":\"https:\\\/\\\/schema.org\",\"@graph\":[{\"@type\":\"WebPage\",\"@id\":\"https:\\\/\\\/www.klaunika.eu\\\/?page_id=756\",\"url\":\"https:\\\/\\\/www.klaunika.eu\\\/?page_id=756\",\"name\":\"INTEGRA\u010cN\u00cd P\u0158EDSTAVEN\u00cd 2015 - DIVADLO KLAUNIKY BRNO\",\"isPartOf\":{\"@id\":\"https:\\\/\\\/www.klaunika.eu\\\/#website\"},\"primaryImageOfPage\":{\"@id\":\"https:\\\/\\\/www.klaunika.eu\\\/?page_id=756#primaryimage\"},\"image\":{\"@id\":\"https:\\\/\\\/www.klaunika.eu\\\/?page_id=756#primaryimage\"},\"thumbnailUrl\":\"https:\\\/\\\/www.klaunika.eu\\\/wp-content\\\/uploads\\\/2015\\\/07\\\/bilah51.jpg\",\"datePublished\":\"2015-07-09T13:46:12+00:00\",\"dateModified\":\"2016-06-19T10:42:42+00:00\",\"breadcrumb\":{\"@id\":\"https:\\\/\\\/www.klaunika.eu\\\/?page_id=756#breadcrumb\"},\"inLanguage\":\"cs\",\"potentialAction\":[{\"@type\":\"ReadAction\",\"target\":[\"https:\\\/\\\/www.klaunika.eu\\\/?page_id=756\"]}]},{\"@type\":\"ImageObject\",\"inLanguage\":\"cs\",\"@id\":\"https:\\\/\\\/www.klaunika.eu\\\/?page_id=756#primaryimage\",\"url\":\"https:\\\/\\\/www.klaunika.eu\\\/wp-content\\\/uploads\\\/2015\\\/07\\\/bilah51.jpg\",\"contentUrl\":\"https:\\\/\\\/www.klaunika.eu\\\/wp-content\\\/uploads\\\/2015\\\/07\\\/bilah51.jpg\",\"width\":733,\"height\":489},{\"@type\":\"BreadcrumbList\",\"@id\":\"https:\\\/\\\/www.klaunika.eu\\\/?page_id=756#breadcrumb\",\"itemListElement\":[{\"@type\":\"ListItem\",\"position\":1,\"name\":\"Dom\u016f\",\"item\":\"https:\\\/\\\/www.klaunika.eu\\\/\"},{\"@type\":\"ListItem\",\"position\":2,\"name\":\"QUIJOTOVA \u0160EDES\u00c1TKA 2015\",\"item\":\"https:\\\/\\\/www.klaunika.eu\\\/?page_id=243\"},{\"@type\":\"ListItem\",\"position\":3,\"name\":\"INTEGRA\u010cN\u00cd P\u0158EDSTAVEN\u00cd 2015\"}]},{\"@type\":\"WebSite\",\"@id\":\"https:\\\/\\\/www.klaunika.eu\\\/#website\",\"url\":\"https:\\\/\\\/www.klaunika.eu\\\/\",\"name\":\"DIVADLO KLAUNIKY BRNO\",\"description\":\"SOUKROM\u00c1 SC\u00c9NA HUMORU\",\"publisher\":{\"@id\":\"https:\\\/\\\/www.klaunika.eu\\\/#organization\"},\"potentialAction\":[{\"@type\":\"SearchAction\",\"target\":{\"@type\":\"EntryPoint\",\"urlTemplate\":\"https:\\\/\\\/www.klaunika.eu\\\/?s={search_term_string}\"},\"query-input\":{\"@type\":\"PropertyValueSpecification\",\"valueRequired\":true,\"valueName\":\"search_term_string\"}}],\"inLanguage\":\"cs\"},{\"@type\":\"Organization\",\"@id\":\"https:\\\/\\\/www.klaunika.eu\\\/#organization\",\"name\":\"DIVADLO KLAUNIKY BRNO\",\"url\":\"https:\\\/\\\/www.klaunika.eu\\\/\",\"logo\":{\"@type\":\"ImageObject\",\"inLanguage\":\"cs\",\"@id\":\"https:\\\/\\\/www.klaunika.eu\\\/#\\\/schema\\\/logo\\\/image\\\/\",\"url\":\"https:\\\/\\\/www.klaunika.eu\\\/wp-content\\\/uploads\\\/2021\\\/11\\\/cropped-cropped-PSX_20211123_210259.jpg\",\"contentUrl\":\"https:\\\/\\\/www.klaunika.eu\\\/wp-content\\\/uploads\\\/2021\\\/11\\\/cropped-cropped-PSX_20211123_210259.jpg\",\"width\":248,\"height\":248,\"caption\":\"DIVADLO KLAUNIKY BRNO\"},\"image\":{\"@id\":\"https:\\\/\\\/www.klaunika.eu\\\/#\\\/schema\\\/logo\\\/image\\\/\"}}]}<\/script>\n<!-- \/ Yoast SEO plugin. -->","yoast_head_json":{"title":"INTEGRA\u010cN\u00cd P\u0158EDSTAVEN\u00cd 2015 - DIVADLO KLAUNIKY BRNO","robots":{"index":"index","follow":"follow","max-snippet":"max-snippet:-1","max-image-preview":"max-image-preview:large","max-video-preview":"max-video-preview:-1"},"canonical":"https:\/\/www.klaunika.eu\/?page_id=756","og_locale":"cs_CZ","og_type":"article","og_title":"INTEGRA\u010cN\u00cd P\u0158EDSTAVEN\u00cd 2015 - DIVADLO KLAUNIKY BRNO","og_description":"31.7. &#8211; 17:00 Stacion\u00e1\u0159 Ok\u00fdnko z Mohelnice p\u0159edstav\u00ed svoji poh\u00e1dku o je\u017ekovi, kter\u00fd cht\u011bl po\u0159\u00e1d a po\u0159\u00e1d jenom tancovat. V\u00edce zde. &nbsp; \u00a031.7. &#8211; 18:00 Divadlo z Pas\u00e1\u017ee z Bansk\u00e9 Bystrice zahraje poh\u00e1dku o my\u0161k\u00e1ch, kter\u00e9 si bezstarostn\u011b \u017eij\u00ed na poli a ob\u010das n\u011bco popletou. V\u00edce zde. 31.7. &#8211; 20:30 Voli\u010dsk\u00e1 kampa\u0148 Strany m\u00edrn\u00e9ho pokroku [&hellip;]","og_url":"https:\/\/www.klaunika.eu\/?page_id=756","og_site_name":"DIVADLO KLAUNIKY BRNO","article_modified_time":"2016-06-19T10:42:42+00:00","og_image":[{"width":733,"height":489,"url":"https:\/\/www.klaunika.eu\/wp-content\/uploads\/2015\/07\/bilah51.jpg","type":"image\/jpeg"}],"twitter_card":"summary_large_image","twitter_misc":{"Odhadovan\u00e1 doba \u010dten\u00ed":"2 minuty"},"schema":{"@context":"https:\/\/schema.org","@graph":[{"@type":"WebPage","@id":"https:\/\/www.klaunika.eu\/?page_id=756","url":"https:\/\/www.klaunika.eu\/?page_id=756","name":"INTEGRA\u010cN\u00cd P\u0158EDSTAVEN\u00cd 2015 - DIVADLO KLAUNIKY BRNO","isPartOf":{"@id":"https:\/\/www.klaunika.eu\/#website"},"primaryImageOfPage":{"@id":"https:\/\/www.klaunika.eu\/?page_id=756#primaryimage"},"image":{"@id":"https:\/\/www.klaunika.eu\/?page_id=756#primaryimage"},"thumbnailUrl":"https:\/\/www.klaunika.eu\/wp-content\/uploads\/2015\/07\/bilah51.jpg","datePublished":"2015-07-09T13:46:12+00:00","dateModified":"2016-06-19T10:42:42+00:00","breadcrumb":{"@id":"https:\/\/www.klaunika.eu\/?page_id=756#breadcrumb"},"inLanguage":"cs","potentialAction":[{"@type":"ReadAction","target":["https:\/\/www.klaunika.eu\/?page_id=756"]}]},{"@type":"ImageObject","inLanguage":"cs","@id":"https:\/\/www.klaunika.eu\/?page_id=756#primaryimage","url":"https:\/\/www.klaunika.eu\/wp-content\/uploads\/2015\/07\/bilah51.jpg","contentUrl":"https:\/\/www.klaunika.eu\/wp-content\/uploads\/2015\/07\/bilah51.jpg","width":733,"height":489},{"@type":"BreadcrumbList","@id":"https:\/\/www.klaunika.eu\/?page_id=756#breadcrumb","itemListElement":[{"@type":"ListItem","position":1,"name":"Dom\u016f","item":"https:\/\/www.klaunika.eu\/"},{"@type":"ListItem","position":2,"name":"QUIJOTOVA \u0160EDES\u00c1TKA 2015","item":"https:\/\/www.klaunika.eu\/?page_id=243"},{"@type":"ListItem","position":3,"name":"INTEGRA\u010cN\u00cd P\u0158EDSTAVEN\u00cd 2015"}]},{"@type":"WebSite","@id":"https:\/\/www.klaunika.eu\/#website","url":"https:\/\/www.klaunika.eu\/","name":"DIVADLO KLAUNIKY BRNO","description":"SOUKROM\u00c1 SC\u00c9NA HUMORU","publisher":{"@id":"https:\/\/www.klaunika.eu\/#organization"},"potentialAction":[{"@type":"SearchAction","target":{"@type":"EntryPoint","urlTemplate":"https:\/\/www.klaunika.eu\/?s={search_term_string}"},"query-input":{"@type":"PropertyValueSpecification","valueRequired":true,"valueName":"search_term_string"}}],"inLanguage":"cs"},{"@type":"Organization","@id":"https:\/\/www.klaunika.eu\/#organization","name":"DIVADLO KLAUNIKY BRNO","url":"https:\/\/www.klaunika.eu\/","logo":{"@type":"ImageObject","inLanguage":"cs","@id":"https:\/\/www.klaunika.eu\/#\/schema\/logo\/image\/","url":"https:\/\/www.klaunika.eu\/wp-content\/uploads\/2021\/11\/cropped-cropped-PSX_20211123_210259.jpg","contentUrl":"https:\/\/www.klaunika.eu\/wp-content\/uploads\/2021\/11\/cropped-cropped-PSX_20211123_210259.jpg","width":248,"height":248,"caption":"DIVADLO KLAUNIKY BRNO"},"image":{"@id":"https:\/\/www.klaunika.eu\/#\/schema\/logo\/image\/"}}]}},"_links":{"self":[{"href":"https:\/\/www.klaunika.eu\/index.php?rest_route=\/wp\/v2\/pages\/756","targetHints":{"allow":["GET"]}}],"collection":[{"href":"https:\/\/www.klaunika.eu\/index.php?rest_route=\/wp\/v2\/pages"}],"about":[{"href":"https:\/\/www.klaunika.eu\/index.php?rest_route=\/wp\/v2\/types\/page"}],"author":[{"embeddable":true,"href":"https:\/\/www.klaunika.eu\/index.php?rest_route=\/wp\/v2\/users\/1"}],"replies":[{"embeddable":true,"href":"https:\/\/www.klaunika.eu\/index.php?rest_route=%2Fwp%2Fv2%2Fcomments&post=756"}],"version-history":[{"count":20,"href":"https:\/\/www.klaunika.eu\/index.php?rest_route=\/wp\/v2\/pages\/756\/revisions"}],"predecessor-version":[{"id":1350,"href":"https:\/\/www.klaunika.eu\/index.php?rest_route=\/wp\/v2\/pages\/756\/revisions\/1350"}],"up":[{"embeddable":true,"href":"https:\/\/www.klaunika.eu\/index.php?rest_route=\/wp\/v2\/pages\/243"}],"wp:featuredmedia":[{"embeddable":true,"href":"https:\/\/www.klaunika.eu\/index.php?rest_route=\/wp\/v2\/media\/773"}],"wp:attachment":[{"href":"https:\/\/www.klaunika.eu\/index.php?rest_route=%2Fwp%2Fv2%2Fmedia&parent=756"}],"curies":[{"name":"wp","href":"https:\/\/api.w.org\/{rel}","templated":true}]}}