{"id":5734,"date":"2025-12-10T17:45:14","date_gmt":"2025-12-10T16:45:14","guid":{"rendered":"https:\/\/www.klaunika.eu\/?page_id=5734"},"modified":"2026-01-12T14:32:42","modified_gmt":"2026-01-12T13:32:42","slug":"kmotra-liska-vypravuje","status":"publish","type":"page","link":"https:\/\/www.klaunika.eu\/?page_id=5734","title":{"rendered":"KMOTRA  LI\u0160KA  VYPRAVUJE"},"content":{"rendered":"\t\t<div data-elementor-type=\"wp-page\" data-elementor-id=\"5734\" class=\"elementor elementor-5734\">\n\t\t\t\t\t\t<section class=\"elementor-section elementor-top-section elementor-element elementor-element-a952c24 elementor-section-boxed elementor-section-height-default elementor-section-height-default\" data-id=\"a952c24\" data-element_type=\"section\" data-e-type=\"section\">\n\t\t\t\t\t\t<div class=\"elementor-container elementor-column-gap-default\">\n\t\t\t\t\t<div class=\"elementor-column elementor-col-100 elementor-top-column elementor-element elementor-element-f4ae482\" data-id=\"f4ae482\" data-element_type=\"column\" data-e-type=\"column\">\n\t\t\t<div class=\"elementor-widget-wrap elementor-element-populated\">\n\t\t\t\t\t\t<div class=\"elementor-element elementor-element-d605b29 elementor-widget elementor-widget-text-editor\" data-id=\"d605b29\" data-element_type=\"widget\" data-e-type=\"widget\" data-widget_type=\"text-editor.default\">\n\t\t\t\t<div class=\"elementor-widget-container\">\n\t\t\t\t\t\t\t\t\t<ul><li>Hraje: ZUZANA ANNA R\u00daT<\/li><li>Re\u017eie: ZDEN\u011aK MAZ\u00c1\u010c<\/li><li>V\u00fdtvarn\u00e9 zpracov\u00e1n\u00ed: ZUZANA MAZ\u00c1\u010cOV\u00c1\u00a0<\/li><\/ul><p>Divadeln\u00ed inscenace ur\u010den\u00e1 D\u011aTEM P\u0158ED\u0160KOLN\u00cdHO V\u011aKU p\u0159iv\u00e1d\u00ed na sc\u00e9nu CHYTROU KMOTRU LI\u0160KU, kter\u00e1 se d\u011btem chlub\u00ed t\u00edm, jak ka\u017ed\u00e9ho v\u017edycky dok\u00e1zala p\u0159elst\u00edt.<\/p><p>Spole\u010dn\u011b s d\u011btmi li\u0161ka p\u0159evypr\u00e1v\u00ed p\u0159\u00edb\u011bhy poh\u00e1dek o li\u0161ce- t\u011bch d\u016fv\u011brn\u011b, ale i t\u011bch m\u00e9n\u011b zn\u00e1m\u00fdch (O KOBL\u00cd\u017dKOVI, JAK LI\u0160KA P\u0158ELSTILA RYB\u00c1\u0158E, LI\u0160KA A VLK, O BUDUL\u00cdNKOVI). V z\u00e1v\u011bru v\u0161ak Budul\u00ednk\u016fv d\u011bde\u010dek na opl\u00e1tku nap\u00e1l\u00ed li\u0161ku a odnese j\u00ed jej\u00ed li\u0161\u010data. A ne\u017e se kmotra li\u0161ka se sv\u00fdmi d\u011btmi op\u011bt shled\u00e1, doch\u00e1z\u00ed k pozn\u00e1n\u00ed, \u017ee b\u00fdt lstiv\u00e1 a \u00fasko\u010dn\u00e1 se nakonec p\u0159ece jen p\u0159\u00edli\u0161 nevypl\u00e1c\u00ed.<\/p>\t\t\t\t\t\t\t\t<\/div>\n\t\t\t\t<\/div>\n\t\t\t\t\t<\/div>\n\t\t<\/div>\n\t\t\t\t\t<\/div>\n\t\t<\/section>\n\t\t\t\t<section class=\"elementor-section elementor-top-section elementor-element elementor-element-14154b6 elementor-section-boxed elementor-section-height-default elementor-section-height-default\" data-id=\"14154b6\" data-element_type=\"section\" data-e-type=\"section\">\n\t\t\t\t\t\t<div class=\"elementor-container elementor-column-gap-default\">\n\t\t\t\t\t<div class=\"elementor-column elementor-col-100 elementor-top-column elementor-element elementor-element-8edaf02\" data-id=\"8edaf02\" data-element_type=\"column\" data-e-type=\"column\">\n\t\t\t<div class=\"elementor-widget-wrap elementor-element-populated\">\n\t\t\t\t\t\t<div class=\"elementor-element elementor-element-0116664 elementor-arrows-position-inside elementor-pagination-position-outside elementor-widget elementor-widget-image-carousel\" data-id=\"0116664\" data-element_type=\"widget\" data-e-type=\"widget\" data-settings=\"{&quot;slides_to_show&quot;:&quot;1&quot;,&quot;navigation&quot;:&quot;both&quot;,&quot;autoplay&quot;:&quot;yes&quot;,&quot;pause_on_hover&quot;:&quot;yes&quot;,&quot;pause_on_interaction&quot;:&quot;yes&quot;,&quot;autoplay_speed&quot;:5000,&quot;infinite&quot;:&quot;yes&quot;,&quot;effect&quot;:&quot;slide&quot;,&quot;speed&quot;:500}\" data-widget_type=\"image-carousel.default\">\n\t\t\t\t<div class=\"elementor-widget-container\">\n\t\t\t\t\t\t\t<div class=\"elementor-image-carousel-wrapper swiper\" role=\"region\" aria-roledescription=\"carousel\" aria-label=\"Obr\u00e1zkov\u00fd koloto\u010d\" dir=\"ltr\">\n\t\t\t<div class=\"elementor-image-carousel swiper-wrapper\" aria-live=\"off\">\n\t\t\t\t\t\t\t\t<div class=\"swiper-slide\" role=\"group\" aria-roledescription=\"slide\" aria-label=\"1 z 3\"><figure class=\"swiper-slide-inner\"><img decoding=\"async\" class=\"swiper-slide-image\" src=\"https:\/\/www.klaunika.eu\/wp-content\/uploads\/2026\/01\/IMG-20240806-WA0001-768x512.jpg\" alt=\"IMG-20240806-WA0001\" \/><\/figure><\/div><div class=\"swiper-slide\" role=\"group\" aria-roledescription=\"slide\" aria-label=\"2 z 3\"><figure class=\"swiper-slide-inner\"><img decoding=\"async\" class=\"swiper-slide-image\" src=\"https:\/\/www.klaunika.eu\/wp-content\/uploads\/2026\/01\/IMG-20240806-WA0004-768x512.jpg\" alt=\"IMG-20240806-WA0004\" \/><\/figure><\/div><div class=\"swiper-slide\" role=\"group\" aria-roledescription=\"slide\" aria-label=\"3 z 3\"><figure class=\"swiper-slide-inner\"><img decoding=\"async\" class=\"swiper-slide-image\" src=\"https:\/\/www.klaunika.eu\/wp-content\/uploads\/2026\/01\/IMG-20240806-WA0003-768x512.jpg\" alt=\"IMG-20240806-WA0003\" \/><\/figure><\/div>\t\t\t<\/div>\n\t\t\t\t\t\t\t\t\t\t\t\t<div class=\"elementor-swiper-button elementor-swiper-button-prev\" role=\"button\" tabindex=\"0\">\n\t\t\t\t\t\t<i aria-hidden=\"true\" class=\"eicon-chevron-left\"><\/i>\t\t\t\t\t<\/div>\n\t\t\t\t\t<div class=\"elementor-swiper-button elementor-swiper-button-next\" role=\"button\" tabindex=\"0\">\n\t\t\t\t\t\t<i aria-hidden=\"true\" class=\"eicon-chevron-right\"><\/i>\t\t\t\t\t<\/div>\n\t\t\t\t\n\t\t\t\t\t\t\t\t\t<div class=\"swiper-pagination\"><\/div>\n\t\t\t\t\t\t\t\t\t<\/div>\n\t\t\t\t\t\t<\/div>\n\t\t\t\t<\/div>\n\t\t\t\t<div class=\"elementor-element elementor-element-54ce06c elementor-widget elementor-widget-text-editor\" data-id=\"54ce06c\" data-element_type=\"widget\" data-e-type=\"widget\" data-widget_type=\"text-editor.default\">\n\t\t\t\t<div class=\"elementor-widget-container\">\n\t\t\t\t\t\t\t\t\t<p>\u2713 POSTAVA LI\u0160KY je lstiv\u00e1 i sympaticky mil\u00e1, vychytral\u00e1 i naivn\u00ed, \u0161kodolib\u00e1<br>i soucitn\u00e1, komick\u00e1 i tragick\u00e1 sou\u010dasn\u011b.<\/p>\n<p>\u2713 V hudebn\u00ed rovin\u011b i v hereck\u00e9 stylizaci vych\u00e1z\u00ed inscenace z Jan\u00e1\u010dkovy opery P\u0158\u00cdB\u011aHY LI\u0160KY BYSTROU\u0160KY, kter\u00e1 tu a tam inscenac\u00ed probleskuje. Letmo tak d\u011bti vtahuje do sv\u011bta opery a seznamuje s d\u00edlem \u010desk\u00e9ho hudebn\u00edho klasika.<\/p>\n<p><span style=\"letter-spacing: -0.2px;\">\u2713<\/span>Inscenace kombinuje postupy \u010cINOHERN\u00cd, LOUTKOV\u00c9 <br>A ALTERNATIVN\u00cd DIVADELN\u00cd TVORBY. Pracuje s RYTMEM a je protk\u00e1na HUDEBN\u00cdMI VSTUPY. Jedn\u00edm ze z\u00e1kladn\u00edch inscena\u010dn\u00edch princip\u016f je HRAV\u00c1 IMPROVIZACE, kter\u00e1 d\u00e1v\u00e1 prostor pro reakci d\u011bt\u00ed a nen\u00e1siln\u00fdm zp\u016fsobem je tak VTAHUJE DO D\u011aJE.<\/p>\n<p><span style=\"letter-spacing: -0.2px;\">\u2713&nbsp;<\/span>Pro prost\u0159ed\u00ed kulturn\u00edch dom\u016f a komorn\u00edch z\u00e1meck\u00fdch n\u00e1dvo\u0159\u00ed vznikla<br>&nbsp;i upraven\u00e1 verze, kde \u00fa\u010dinkuj\u00ed rovn\u011b\u017e herci s handicapem \u2013 <a href=\"https:\/\/www.klaunika.eu\/?page_id=5753\">KMOTRA LI\u0160KA Z MYSLIVNY .&nbsp;<\/a><\/p>\t\t\t\t\t\t\t\t<\/div>\n\t\t\t\t<\/div>\n\t\t\t\t\t<\/div>\n\t\t<\/div>\n\t\t\t\t\t<\/div>\n\t\t<\/section>\n\t\t\t\t<\/div>\n\t\t","protected":false},"excerpt":{"rendered":"<p>Hraje: ZUZANA ANNA R\u00daT Re\u017eie: ZDEN\u011aK MAZ\u00c1\u010c V\u00fdtvarn\u00e9 zpracov\u00e1n\u00ed: ZUZANA MAZ\u00c1\u010cOV\u00c1\u00a0 Divadeln\u00ed inscenace ur\u010den\u00e1 D\u011aTEM P\u0158ED\u0160KOLN\u00cdHO V\u011aKU p\u0159iv\u00e1d\u00ed na sc\u00e9nu CHYTROU KMOTRU LI\u0160KU, kter\u00e1 se d\u011btem chlub\u00ed t\u00edm, jak ka\u017ed\u00e9ho v\u017edycky dok\u00e1zala p\u0159elst\u00edt. Spole\u010dn\u011b s d\u011btmi li\u0161ka p\u0159evypr\u00e1v\u00ed p\u0159\u00edb\u011bhy poh\u00e1dek o li\u0161ce- t\u011bch d\u016fv\u011brn\u011b, ale i t\u011bch m\u00e9n\u011b zn\u00e1m\u00fdch (O KOBL\u00cd\u017dKOVI, JAK LI\u0160KA P\u0158ELSTILA RYB\u00c1\u0158E, [&hellip;]<\/p>\n","protected":false},"author":1,"featured_media":0,"parent":0,"menu_order":0,"comment_status":"closed","ping_status":"closed","template":"","meta":{"footnotes":""},"class_list":["post-5734","page","type-page","status-publish","hentry"],"yoast_head":"<!-- This site is optimized with the Yoast SEO plugin v27.5 - https:\/\/yoast.com\/product\/yoast-seo-wordpress\/ -->\n<title>KMOTRA LI\u0160KA VYPRAVUJE - DIVADLO KLAUNIKY BRNO<\/title>\n<meta name=\"description\" content=\"Divadeln\u00ed p\u0159edstaven\u00ed pro p\u0159ed\u0161koln\u00ed d\u011bti, kter\u00e9 kombinuje \u010dinohern\u00ed a loutkov\u00e9 divadeln\u00ed postupy, svou komunikativnost\u00ed vtahuje d\u011bti do d\u011bje. Hudebn\u011b i drobnou hereckou stylizac\u00ed vych\u00e1z\u00ed z Jan\u00e1\u010dkovy opery &quot;P\u0159\u00edb\u011bhy li\u0161ky Bystrou\u0161ky&quot;, kter\u00e1 tu a tam inscenac\u00ed probleskuje a letmo tak d\u011bti vtahuje do sv\u011bta opery a seznamuje i s d\u00edlem \u010desk\u00e9ho opern\u00edho klasika. Hraje Zuzana Anna R\u00fat.\" \/>\n<meta name=\"robots\" content=\"index, follow, max-snippet:-1, max-image-preview:large, max-video-preview:-1\" \/>\n<link rel=\"canonical\" href=\"https:\/\/www.klaunika.eu\/?page_id=5734\" \/>\n<meta property=\"og:locale\" content=\"cs_CZ\" \/>\n<meta property=\"og:type\" content=\"article\" \/>\n<meta property=\"og:title\" content=\"KMOTRA LI\u0160KA VYPRAVUJE - DIVADLO KLAUNIKY BRNO\" \/>\n<meta property=\"og:description\" content=\"Divadeln\u00ed p\u0159edstaven\u00ed pro p\u0159ed\u0161koln\u00ed d\u011bti, kter\u00e9 kombinuje \u010dinohern\u00ed a loutkov\u00e9 divadeln\u00ed postupy, svou komunikativnost\u00ed vtahuje d\u011bti do d\u011bje. Hudebn\u011b i drobnou hereckou stylizac\u00ed vych\u00e1z\u00ed z Jan\u00e1\u010dkovy opery &quot;P\u0159\u00edb\u011bhy li\u0161ky Bystrou\u0161ky&quot;, kter\u00e1 tu a tam inscenac\u00ed probleskuje a letmo tak d\u011bti vtahuje do sv\u011bta opery a seznamuje i s d\u00edlem \u010desk\u00e9ho opern\u00edho klasika. Hraje Zuzana Anna R\u00fat.\" \/>\n<meta property=\"og:url\" content=\"https:\/\/www.klaunika.eu\/?page_id=5734\" \/>\n<meta property=\"og:site_name\" content=\"DIVADLO KLAUNIKY BRNO\" \/>\n<meta property=\"article:modified_time\" content=\"2026-01-12T13:32:42+00:00\" \/>\n<meta property=\"og:image\" content=\"https:\/\/www.klaunika.eu\/wp-content\/uploads\/2026\/01\/IMG-20240806-WA0001-768x512.jpg\" \/>\n<meta name=\"twitter:card\" content=\"summary_large_image\" \/>\n<meta name=\"twitter:label1\" content=\"Odhadovan\u00e1 doba \u010dten\u00ed\" \/>\n\t<meta name=\"twitter:data1\" content=\"3 minuty\" \/>\n<script type=\"application\/ld+json\" class=\"yoast-schema-graph\">{\"@context\":\"https:\\\/\\\/schema.org\",\"@graph\":[{\"@type\":\"WebPage\",\"@id\":\"https:\\\/\\\/www.klaunika.eu\\\/?page_id=5734\",\"url\":\"https:\\\/\\\/www.klaunika.eu\\\/?page_id=5734\",\"name\":\"KMOTRA LI\u0160KA VYPRAVUJE - DIVADLO KLAUNIKY BRNO\",\"isPartOf\":{\"@id\":\"https:\\\/\\\/www.klaunika.eu\\\/#website\"},\"primaryImageOfPage\":{\"@id\":\"https:\\\/\\\/www.klaunika.eu\\\/?page_id=5734#primaryimage\"},\"image\":{\"@id\":\"https:\\\/\\\/www.klaunika.eu\\\/?page_id=5734#primaryimage\"},\"thumbnailUrl\":\"https:\\\/\\\/www.klaunika.eu\\\/wp-content\\\/uploads\\\/2026\\\/01\\\/IMG-20240806-WA0001-768x512.jpg\",\"datePublished\":\"2025-12-10T16:45:14+00:00\",\"dateModified\":\"2026-01-12T13:32:42+00:00\",\"description\":\"Divadeln\u00ed p\u0159edstaven\u00ed pro p\u0159ed\u0161koln\u00ed d\u011bti, kter\u00e9 kombinuje \u010dinohern\u00ed a loutkov\u00e9 divadeln\u00ed postupy, svou komunikativnost\u00ed vtahuje d\u011bti do d\u011bje. Hudebn\u011b i drobnou hereckou stylizac\u00ed vych\u00e1z\u00ed z Jan\u00e1\u010dkovy opery \\\"P\u0159\u00edb\u011bhy li\u0161ky Bystrou\u0161ky\\\", kter\u00e1 tu a tam inscenac\u00ed probleskuje a letmo tak d\u011bti vtahuje do sv\u011bta opery a seznamuje i s d\u00edlem \u010desk\u00e9ho opern\u00edho klasika. Hraje Zuzana Anna R\u00fat.\",\"breadcrumb\":{\"@id\":\"https:\\\/\\\/www.klaunika.eu\\\/?page_id=5734#breadcrumb\"},\"inLanguage\":\"cs\",\"potentialAction\":[{\"@type\":\"ReadAction\",\"target\":[\"https:\\\/\\\/www.klaunika.eu\\\/?page_id=5734\"]}]},{\"@type\":\"ImageObject\",\"inLanguage\":\"cs\",\"@id\":\"https:\\\/\\\/www.klaunika.eu\\\/?page_id=5734#primaryimage\",\"url\":\"https:\\\/\\\/www.klaunika.eu\\\/wp-content\\\/uploads\\\/2026\\\/01\\\/IMG-20240806-WA0001.jpg\",\"contentUrl\":\"https:\\\/\\\/www.klaunika.eu\\\/wp-content\\\/uploads\\\/2026\\\/01\\\/IMG-20240806-WA0001.jpg\",\"width\":1280,\"height\":854},{\"@type\":\"BreadcrumbList\",\"@id\":\"https:\\\/\\\/www.klaunika.eu\\\/?page_id=5734#breadcrumb\",\"itemListElement\":[{\"@type\":\"ListItem\",\"position\":1,\"name\":\"Dom\u016f\",\"item\":\"https:\\\/\\\/www.klaunika.eu\\\/\"},{\"@type\":\"ListItem\",\"position\":2,\"name\":\"KMOTRA LI\u0160KA VYPRAVUJE\"}]},{\"@type\":\"WebSite\",\"@id\":\"https:\\\/\\\/www.klaunika.eu\\\/#website\",\"url\":\"https:\\\/\\\/www.klaunika.eu\\\/\",\"name\":\"DIVADLO KLAUNIKY BRNO\",\"description\":\"SOUKROM\u00c1 SC\u00c9NA HUMORU\",\"publisher\":{\"@id\":\"https:\\\/\\\/www.klaunika.eu\\\/#organization\"},\"potentialAction\":[{\"@type\":\"SearchAction\",\"target\":{\"@type\":\"EntryPoint\",\"urlTemplate\":\"https:\\\/\\\/www.klaunika.eu\\\/?s={search_term_string}\"},\"query-input\":{\"@type\":\"PropertyValueSpecification\",\"valueRequired\":true,\"valueName\":\"search_term_string\"}}],\"inLanguage\":\"cs\"},{\"@type\":\"Organization\",\"@id\":\"https:\\\/\\\/www.klaunika.eu\\\/#organization\",\"name\":\"DIVADLO KLAUNIKY BRNO\",\"url\":\"https:\\\/\\\/www.klaunika.eu\\\/\",\"logo\":{\"@type\":\"ImageObject\",\"inLanguage\":\"cs\",\"@id\":\"https:\\\/\\\/www.klaunika.eu\\\/#\\\/schema\\\/logo\\\/image\\\/\",\"url\":\"https:\\\/\\\/www.klaunika.eu\\\/wp-content\\\/uploads\\\/2021\\\/11\\\/cropped-cropped-PSX_20211123_210259.jpg\",\"contentUrl\":\"https:\\\/\\\/www.klaunika.eu\\\/wp-content\\\/uploads\\\/2021\\\/11\\\/cropped-cropped-PSX_20211123_210259.jpg\",\"width\":248,\"height\":248,\"caption\":\"DIVADLO KLAUNIKY BRNO\"},\"image\":{\"@id\":\"https:\\\/\\\/www.klaunika.eu\\\/#\\\/schema\\\/logo\\\/image\\\/\"}}]}<\/script>\n<!-- \/ Yoast SEO plugin. -->","yoast_head_json":{"title":"KMOTRA LI\u0160KA VYPRAVUJE - DIVADLO KLAUNIKY BRNO","description":"Divadeln\u00ed p\u0159edstaven\u00ed pro p\u0159ed\u0161koln\u00ed d\u011bti, kter\u00e9 kombinuje \u010dinohern\u00ed a loutkov\u00e9 divadeln\u00ed postupy, svou komunikativnost\u00ed vtahuje d\u011bti do d\u011bje. Hudebn\u011b i drobnou hereckou stylizac\u00ed vych\u00e1z\u00ed z Jan\u00e1\u010dkovy opery \"P\u0159\u00edb\u011bhy li\u0161ky Bystrou\u0161ky\", kter\u00e1 tu a tam inscenac\u00ed probleskuje a letmo tak d\u011bti vtahuje do sv\u011bta opery a seznamuje i s d\u00edlem \u010desk\u00e9ho opern\u00edho klasika. Hraje Zuzana Anna R\u00fat.","robots":{"index":"index","follow":"follow","max-snippet":"max-snippet:-1","max-image-preview":"max-image-preview:large","max-video-preview":"max-video-preview:-1"},"canonical":"https:\/\/www.klaunika.eu\/?page_id=5734","og_locale":"cs_CZ","og_type":"article","og_title":"KMOTRA LI\u0160KA VYPRAVUJE - DIVADLO KLAUNIKY BRNO","og_description":"Divadeln\u00ed p\u0159edstaven\u00ed pro p\u0159ed\u0161koln\u00ed d\u011bti, kter\u00e9 kombinuje \u010dinohern\u00ed a loutkov\u00e9 divadeln\u00ed postupy, svou komunikativnost\u00ed vtahuje d\u011bti do d\u011bje. Hudebn\u011b i drobnou hereckou stylizac\u00ed vych\u00e1z\u00ed z Jan\u00e1\u010dkovy opery \"P\u0159\u00edb\u011bhy li\u0161ky Bystrou\u0161ky\", kter\u00e1 tu a tam inscenac\u00ed probleskuje a letmo tak d\u011bti vtahuje do sv\u011bta opery a seznamuje i s d\u00edlem \u010desk\u00e9ho opern\u00edho klasika. Hraje Zuzana Anna R\u00fat.","og_url":"https:\/\/www.klaunika.eu\/?page_id=5734","og_site_name":"DIVADLO KLAUNIKY BRNO","article_modified_time":"2026-01-12T13:32:42+00:00","og_image":[{"url":"https:\/\/www.klaunika.eu\/wp-content\/uploads\/2026\/01\/IMG-20240806-WA0001-768x512.jpg","type":"","width":"","height":""}],"twitter_card":"summary_large_image","twitter_misc":{"Odhadovan\u00e1 doba \u010dten\u00ed":"3 minuty"},"schema":{"@context":"https:\/\/schema.org","@graph":[{"@type":"WebPage","@id":"https:\/\/www.klaunika.eu\/?page_id=5734","url":"https:\/\/www.klaunika.eu\/?page_id=5734","name":"KMOTRA LI\u0160KA VYPRAVUJE - DIVADLO KLAUNIKY BRNO","isPartOf":{"@id":"https:\/\/www.klaunika.eu\/#website"},"primaryImageOfPage":{"@id":"https:\/\/www.klaunika.eu\/?page_id=5734#primaryimage"},"image":{"@id":"https:\/\/www.klaunika.eu\/?page_id=5734#primaryimage"},"thumbnailUrl":"https:\/\/www.klaunika.eu\/wp-content\/uploads\/2026\/01\/IMG-20240806-WA0001-768x512.jpg","datePublished":"2025-12-10T16:45:14+00:00","dateModified":"2026-01-12T13:32:42+00:00","description":"Divadeln\u00ed p\u0159edstaven\u00ed pro p\u0159ed\u0161koln\u00ed d\u011bti, kter\u00e9 kombinuje \u010dinohern\u00ed a loutkov\u00e9 divadeln\u00ed postupy, svou komunikativnost\u00ed vtahuje d\u011bti do d\u011bje. Hudebn\u011b i drobnou hereckou stylizac\u00ed vych\u00e1z\u00ed z Jan\u00e1\u010dkovy opery \"P\u0159\u00edb\u011bhy li\u0161ky Bystrou\u0161ky\", kter\u00e1 tu a tam inscenac\u00ed probleskuje a letmo tak d\u011bti vtahuje do sv\u011bta opery a seznamuje i s d\u00edlem \u010desk\u00e9ho opern\u00edho klasika. Hraje Zuzana Anna R\u00fat.","breadcrumb":{"@id":"https:\/\/www.klaunika.eu\/?page_id=5734#breadcrumb"},"inLanguage":"cs","potentialAction":[{"@type":"ReadAction","target":["https:\/\/www.klaunika.eu\/?page_id=5734"]}]},{"@type":"ImageObject","inLanguage":"cs","@id":"https:\/\/www.klaunika.eu\/?page_id=5734#primaryimage","url":"https:\/\/www.klaunika.eu\/wp-content\/uploads\/2026\/01\/IMG-20240806-WA0001.jpg","contentUrl":"https:\/\/www.klaunika.eu\/wp-content\/uploads\/2026\/01\/IMG-20240806-WA0001.jpg","width":1280,"height":854},{"@type":"BreadcrumbList","@id":"https:\/\/www.klaunika.eu\/?page_id=5734#breadcrumb","itemListElement":[{"@type":"ListItem","position":1,"name":"Dom\u016f","item":"https:\/\/www.klaunika.eu\/"},{"@type":"ListItem","position":2,"name":"KMOTRA LI\u0160KA VYPRAVUJE"}]},{"@type":"WebSite","@id":"https:\/\/www.klaunika.eu\/#website","url":"https:\/\/www.klaunika.eu\/","name":"DIVADLO KLAUNIKY BRNO","description":"SOUKROM\u00c1 SC\u00c9NA HUMORU","publisher":{"@id":"https:\/\/www.klaunika.eu\/#organization"},"potentialAction":[{"@type":"SearchAction","target":{"@type":"EntryPoint","urlTemplate":"https:\/\/www.klaunika.eu\/?s={search_term_string}"},"query-input":{"@type":"PropertyValueSpecification","valueRequired":true,"valueName":"search_term_string"}}],"inLanguage":"cs"},{"@type":"Organization","@id":"https:\/\/www.klaunika.eu\/#organization","name":"DIVADLO KLAUNIKY BRNO","url":"https:\/\/www.klaunika.eu\/","logo":{"@type":"ImageObject","inLanguage":"cs","@id":"https:\/\/www.klaunika.eu\/#\/schema\/logo\/image\/","url":"https:\/\/www.klaunika.eu\/wp-content\/uploads\/2021\/11\/cropped-cropped-PSX_20211123_210259.jpg","contentUrl":"https:\/\/www.klaunika.eu\/wp-content\/uploads\/2021\/11\/cropped-cropped-PSX_20211123_210259.jpg","width":248,"height":248,"caption":"DIVADLO KLAUNIKY BRNO"},"image":{"@id":"https:\/\/www.klaunika.eu\/#\/schema\/logo\/image\/"}}]}},"_links":{"self":[{"href":"https:\/\/www.klaunika.eu\/index.php?rest_route=\/wp\/v2\/pages\/5734","targetHints":{"allow":["GET"]}}],"collection":[{"href":"https:\/\/www.klaunika.eu\/index.php?rest_route=\/wp\/v2\/pages"}],"about":[{"href":"https:\/\/www.klaunika.eu\/index.php?rest_route=\/wp\/v2\/types\/page"}],"author":[{"embeddable":true,"href":"https:\/\/www.klaunika.eu\/index.php?rest_route=\/wp\/v2\/users\/1"}],"replies":[{"embeddable":true,"href":"https:\/\/www.klaunika.eu\/index.php?rest_route=%2Fwp%2Fv2%2Fcomments&post=5734"}],"version-history":[{"count":23,"href":"https:\/\/www.klaunika.eu\/index.php?rest_route=\/wp\/v2\/pages\/5734\/revisions"}],"predecessor-version":[{"id":5858,"href":"https:\/\/www.klaunika.eu\/index.php?rest_route=\/wp\/v2\/pages\/5734\/revisions\/5858"}],"wp:attachment":[{"href":"https:\/\/www.klaunika.eu\/index.php?rest_route=%2Fwp%2Fv2%2Fmedia&parent=5734"}],"curies":[{"name":"wp","href":"https:\/\/api.w.org\/{rel}","templated":true}]}}