{"id":1656,"date":"2018-12-03T19:02:24","date_gmt":"2018-12-03T18:02:24","guid":{"rendered":"http:\/\/www.klaunika.eu\/?page_id=1656"},"modified":"2021-12-01T18:55:38","modified_gmt":"2021-12-01T17:55:38","slug":"program-v-rocniku","status":"publish","type":"page","link":"https:\/\/www.klaunika.eu\/?page_id=1656","title":{"rendered":"PROGRAM V. RO\u010cN\u00cdKU"},"content":{"rendered":"\n<p><span style=\"text-decoration: underline;\"><strong>P\u00e1tek 31. srpna&nbsp;2018<\/strong><\/span><\/p>\n\n\n\n<p><strong>14,30 h &nbsp;&nbsp;&nbsp;&nbsp;&nbsp;&nbsp;&nbsp; Slavnostn\u00ed pr\u016fvod obc\u00ed Lipnice nad S\u00e1zavou <\/strong>(masky a kost\u00fdmy Jany \u0160ev\u010dik)<\/p>\n\n\n\n<p><strong> 15:00 h &nbsp;&nbsp;&nbsp;&nbsp;&nbsp;&nbsp;&nbsp; <a title=\"Don Quijote de la mAn\u010da\" href=\"https:\/\/www.klaunika.eu\/?page_id=54\">Divadlo Klauniky<\/a>: Don Kichot de la An\u010da I (legend\u00e1rn\u00ed inscenace v netradi\u010dn\u00ed \u00faprav\u011b) &#8211; hrad<\/strong><\/p>\n\n\n\n<p><strong>15:15 h &nbsp;&nbsp;&nbsp;&nbsp;&nbsp;&nbsp;&nbsp; <a href=\"http:\/\/www.divadloharmonika.cz\/\">Divadlo Harmonika<\/a>: Poh\u00e1dka o p\u00edsni\u010dce (p\u0159edstaven\u00ed pro d\u011bti) &#8211; hrad&nbsp;<\/strong><\/p>\n\n\n\n<p><strong>16:00 h &nbsp;&nbsp;&nbsp;&nbsp;&nbsp;&nbsp;&nbsp; <a href=\"https:\/\/www.noslava.cz\/\">Nosl\u00e1va<\/a>: Koncert \u017divot (vystoupen\u00ed olomouck\u00e9ho p\u00edsni\u010dk\u00e1\u0159e) &#8211; hrad<\/strong><\/p>\n\n\n\n<p><strong>16:45 h &nbsp;&nbsp;&nbsp;&nbsp;&nbsp;&nbsp;&nbsp; <a title=\"Don Quijote de la mAn\u010da\" href=\"https:\/\/www.klaunika.eu\/?page_id=54\">Divadlo Klauniky<\/a>: Don Kichot de la An\u010da II &#8211; hradn\u00ed kaple<\/strong><\/p>\n\n\n\n<p><strong>17:10 h &nbsp;&nbsp;&nbsp;&nbsp;&nbsp;&nbsp;&nbsp; <a href=\"http:\/\/www.ujeto.cz\/\">Divadlo Ujeto<\/a>: Kr\u00e1lov\u00e9 Tramt\u00e1rie (integra\u010dn\u00ed poh\u00e1dkov\u00e1 komedie) &#8211; hrad<\/strong><\/p>\n\n\n\n<p><strong>18:15 h &nbsp;&nbsp;&nbsp;&nbsp;&nbsp;&nbsp;&nbsp; <a title=\"Don Quijote de la mAn\u010da\" href=\"https:\/\/www.klaunika.eu\/?page_id=54\">Divadlo Klauniky<\/a>: Don Kichot de la An\u010da III &#8211; kostel<\/strong><\/p>\n\n\n\n<p><strong>19:00 h &nbsp;&nbsp;&nbsp;&nbsp;&nbsp;&nbsp;&nbsp; <a href=\"http:\/\/www.divadloaldente.cz\/\">Divadlo Aldente<\/a>: Ze\u010f (p\u0159edstaven\u00ed herc\u016f s downov\u00fdm syndromem) &#8211; Bouda<\/strong><\/p>\n\n\n\n<p><strong>20:30 h &nbsp;&nbsp;&nbsp;&nbsp;&nbsp;&nbsp;&nbsp; <a title=\"Don Quijote de la mAn\u010da\" href=\"https:\/\/www.klaunika.eu\/?page_id=54\">Divadlo Klauniky<\/a>: Don Kichot de la An\u010da IV &#8211; Bouda<\/strong><\/p>\n\n\n\n<p><strong>20:45 h&nbsp;&nbsp;&nbsp;&nbsp;&nbsp;&nbsp;&nbsp;&nbsp; <a href=\"https:\/\/www.klaunika.eu\/?page_id=479\">Zden\u011bk Kor\u010di\u00e1n<\/a>: One Man Show (vystoupen\u00ed \u017e\u00e1ka Bolka Pol\u00edvky) &#8211; Bouda<\/strong><\/p>\n\n\n\n<p><strong>21:15 h &nbsp;&nbsp;&nbsp;&nbsp;&nbsp;&nbsp;&nbsp; <a title=\"BENEBEND\" href=\"https:\/\/www.klaunika.eu\/?page_id=1394\">Benebend<\/a>: koncert naprosto origin\u00e1ln\u00ed integrovan\u00e9 hudebn\u00ed skupiny &#8211; Bouda<\/strong><\/p>\n\n\n\n<p><strong>22:15 h &nbsp;&nbsp;&nbsp;&nbsp;&nbsp;&nbsp;&nbsp; <a title=\"Don Quijote de la mAn\u010da\" href=\"https:\/\/www.klaunika.eu\/?page_id=54\">Divadlo Klauniky<\/a>: Poh\u00e1dky v Hantecu &#8211; Bouda<\/strong><\/p>\n\n\n\n<p><span style=\"text-decoration: underline;\"><strong>Sobota 1. z\u00e1\u0159\u00ed 2018<\/strong><\/span><\/p>\n\n\n\n<p><strong>13:00 h&nbsp;&nbsp;&nbsp;&nbsp;&nbsp;&nbsp;&nbsp;&nbsp; <a title=\"Don Quijote de la mAn\u010da\" href=\"https:\/\/www.klaunika.eu\/?page_id=54\">Divadlo Klauniky<\/a>: Don Kichot de la An\u010da V &#8211; amfite\u00e1tr<\/strong><\/p>\n\n\n\n<p><strong>13:15 h&nbsp;&nbsp;&nbsp;&nbsp;&nbsp;&nbsp;&nbsp;&nbsp; <a href=\"https:\/\/bonneb-art.webnode.cz\/\">BonneB art<\/a>: Miss Brou\u010dek (poh\u00e1dka pro d\u011bti) &#8211; amfite\u00e1tr<\/strong><\/p>\n\n\n\n<p><strong>14:00 h&nbsp;&nbsp;&nbsp;&nbsp;&nbsp;&nbsp;&nbsp;&nbsp; <a href=\"https:\/\/www.klaunika.eu\/?page_id=1597\">Mal\u00e1 Klaunika<\/a>: Andy a Warholky (autorsk\u00e1 kol\u00e1\u017e teenager souboru) &#8211; Bouda<\/strong><\/p>\n\n\n\n<p><strong>15:00 h&nbsp;&nbsp;&nbsp;&nbsp;&nbsp;&nbsp;&nbsp;&nbsp; <a title=\"BRN\u011aNSK\u00dd SPOLEK ORBITA\" href=\"https:\/\/www.klaunika.eu\/?page_id=1637\">Orbita<\/a>: Tekutost te\u010f! (integrovan\u00e9 tane\u010dn\u00ed vystoupen\u00ed) &#8211; amfite\u00e1tr<\/strong><\/p>\n\n\n\n<p><strong>15:30 h&nbsp;&nbsp;&nbsp;&nbsp;&nbsp;&nbsp;&nbsp;&nbsp; <a title=\"Don Quijote de la mAn\u010da\" href=\"https:\/\/www.klaunika.eu\/?page_id=54\">Divadlo Klauniky<\/a>: Don Kichot de la An\u010da VI &#8211; hrad<\/strong><\/p>\n\n\n\n<p><strong>16:00 h&nbsp;&nbsp;&nbsp;&nbsp;&nbsp;&nbsp;&nbsp;&nbsp; <a href=\"http:\/\/www.divadlobezdomova.sk\/divadlobezdomova\/WELCOME.html\">Divadlo Bez domova<\/a> (SR): Krasojazdky\u0148a (integra\u010dn\u00ed inscenovan\u00e9 \u010dten\u00ed)- hrad<\/strong><\/p>\n\n\n\n<p><strong>17:10 h&nbsp;&nbsp;&nbsp;&nbsp;&nbsp;&nbsp;&nbsp;&nbsp; <a href=\"http:\/\/www.sevcikjana.cz\/\">Jana \u0160ev\u010dik<\/a>: M\u00f3dn\u00ed p\u0159ehl\u00eddka a vernis\u00e1\u017e &#8211; hrad<\/strong><\/p>\n\n\n\n<p><strong>17:45 h&nbsp;&nbsp;&nbsp;&nbsp;&nbsp;&nbsp;&nbsp;&nbsp; <a title=\"Dagmar Ubrov\u00e1 &amp; Milan Ka\u0161uba: Koncert\" href=\"https:\/\/www.klaunika.eu\/?page_id=1642\">Dagmar Ubrov\u00e1 &amp; Milan Ka\u0161uba<\/a>: Koncert (brn\u011bnsk\u00e1 \u0161ansoni\u00e9ra a jazzov\u00e1 kytarov\u00e1 legenda) &#8211; kostel<\/strong><\/p>\n\n\n\n<p><strong>19:45 h&nbsp;&nbsp;&nbsp;&nbsp;&nbsp;&nbsp;&nbsp;&nbsp; <a title=\"Rozko\u0161 bez rizika\" href=\"https:\/\/www.klaunika.eu\/?page_id=1465\">Rozko\u0161 bez rizika<\/a>: Kr\u00e1ska a bojovn\u00edk (drama se zp\u011bvy) &#8211; Bouda<\/strong><\/p>\n\n\n\n<p><strong>21:00 h&nbsp;&nbsp;&nbsp;&nbsp;&nbsp;&nbsp;&nbsp;&nbsp; <a title=\"Don Quijote de la mAn\u010da\" href=\"https:\/\/www.klaunika.eu\/?page_id=54\">Divadlo Klauniky<\/a>: Don Kichot de la An\u010da VII &#8211; stan v amfite\u00e1tru<\/strong><\/p>\n\n\n\n<p><strong>21:30 h&nbsp;&nbsp;&nbsp;&nbsp;&nbsp;&nbsp;&nbsp;&nbsp; <a href=\"http:\/\/www.nakoptyjatr.cz\/\">NaKop Tyj\u00e1tr<\/a>: Poker bez esa (divadeln\u00ed drama) &#8211; Bouda<\/strong><\/p>\n\n\n\n<p><strong>22:30 h&nbsp;&nbsp;&nbsp;&nbsp;&nbsp;&nbsp;&nbsp;&nbsp; <a title=\"JI\u0158\u00cd VONDR\u00c1K\" href=\"https:\/\/www.klaunika.eu\/?page_id=1408\">Ji\u0159\u00ed Vondr\u00e1k<\/a> &amp; host\u00e9: Koncert (Jirka Vondr\u00e1k &#8211; CZ, Tolek Muracki &#8211; PL, Alexej Kudrjavcev &#8211; RU) &#8211; Bouda<\/strong><\/p>\n\n\n\n<p><strong>23:30 h&nbsp;&nbsp;&nbsp;&nbsp;&nbsp;&nbsp;&nbsp;&nbsp; Exhumaniza\u010dn\u00ed pochod za Jaroslava Ha\u0161ka (z\u00e1v\u011bre\u010dn\u00fd happening k poct\u011b Jaroslava Ha\u0161ka) &#8211; h\u0159bitov<br>+ Divadlo Klauniky: Don Kichot de la An\u010da VIII<\/strong><\/p>\n\n\n\n<div class=\"wp-block-image\"><figure class=\"aligncenter size-large is-resized\"><a href=\"https:\/\/www.klaunika.eu\/wp-content\/uploads\/2021\/12\/Plak.-Lip.fin_-scaled.jpg\"><img fetchpriority=\"high\" decoding=\"async\" src=\"https:\/\/www.klaunika.eu\/wp-content\/uploads\/2021\/12\/Plak.-Lip.fin_-727x1024.jpg\" alt=\"\" class=\"wp-image-2178\" width=\"445\" height=\"627\" srcset=\"https:\/\/www.klaunika.eu\/wp-content\/uploads\/2021\/12\/Plak.-Lip.fin_-727x1024.jpg 727w, https:\/\/www.klaunika.eu\/wp-content\/uploads\/2021\/12\/Plak.-Lip.fin_-213x300.jpg 213w, https:\/\/www.klaunika.eu\/wp-content\/uploads\/2021\/12\/Plak.-Lip.fin_-768x1082.jpg 768w, https:\/\/www.klaunika.eu\/wp-content\/uploads\/2021\/12\/Plak.-Lip.fin_-1090x1536.jpg 1090w, https:\/\/www.klaunika.eu\/wp-content\/uploads\/2021\/12\/Plak.-Lip.fin_-1454x2048.jpg 1454w, https:\/\/www.klaunika.eu\/wp-content\/uploads\/2021\/12\/Plak.-Lip.fin_-1200x1691.jpg 1200w, https:\/\/www.klaunika.eu\/wp-content\/uploads\/2021\/12\/Plak.-Lip.fin_-1980x2789.jpg 1980w, https:\/\/www.klaunika.eu\/wp-content\/uploads\/2021\/12\/Plak.-Lip.fin_-scaled.jpg 1817w\" sizes=\"(max-width: 445px) 100vw, 445px\" \/><\/a><\/figure><\/div>\n\n\n\n<blockquote class=\"wp-block-quote is-layout-flow wp-block-quote-is-layout-flow\"><p><em>Grafika: Kate\u0159ina Dubovcov\u00e1<\/em><\/p><cite>Festival se kon\u00e1 za finan\u010dn\u00ed podpory Ministerstva kultury \u010cR. <\/cite><\/blockquote>\n","protected":false},"excerpt":{"rendered":"<p>P\u00e1tek 31. srpna&nbsp;2018 14,30 h &nbsp;&nbsp;&nbsp;&nbsp;&nbsp;&nbsp;&nbsp; Slavnostn\u00ed pr\u016fvod obc\u00ed Lipnice nad S\u00e1zavou (masky a kost\u00fdmy Jany \u0160ev\u010dik) 15:00 h &nbsp;&nbsp;&nbsp;&nbsp;&nbsp;&nbsp;&nbsp; Divadlo Klauniky: Don Kichot de la An\u010da I (legend\u00e1rn\u00ed inscenace v netradi\u010dn\u00ed \u00faprav\u011b) &#8211; hrad 15:15 h &nbsp;&nbsp;&nbsp;&nbsp;&nbsp;&nbsp;&nbsp; Divadlo Harmonika: Poh\u00e1dka o p\u00edsni\u010dce (p\u0159edstaven\u00ed pro d\u011bti) &#8211; hrad&nbsp; 16:00 h &nbsp;&nbsp;&nbsp;&nbsp;&nbsp;&nbsp;&nbsp; Nosl\u00e1va: Koncert \u017divot (vystoupen\u00ed [&hellip;]<\/p>\n","protected":false},"author":1,"featured_media":1620,"parent":0,"menu_order":0,"comment_status":"closed","ping_status":"open","template":"","meta":{"footnotes":""},"class_list":["post-1656","page","type-page","status-publish","has-post-thumbnail","hentry"],"yoast_head":"<!-- This site is optimized with the Yoast SEO plugin v27.5 - https:\/\/yoast.com\/product\/yoast-seo-wordpress\/ -->\n<title>PROGRAM V. RO\u010cN\u00cdKU - DIVADLO KLAUNIKY BRNO<\/title>\n<meta name=\"robots\" content=\"index, follow, max-snippet:-1, max-image-preview:large, max-video-preview:-1\" \/>\n<link rel=\"canonical\" href=\"https:\/\/www.klaunika.eu\/?page_id=1656\" \/>\n<meta property=\"og:locale\" content=\"cs_CZ\" \/>\n<meta property=\"og:type\" content=\"article\" \/>\n<meta property=\"og:title\" content=\"PROGRAM V. RO\u010cN\u00cdKU - DIVADLO KLAUNIKY BRNO\" \/>\n<meta property=\"og:description\" content=\"P\u00e1tek 31. srpna&nbsp;2018 14,30 h &nbsp;&nbsp;&nbsp;&nbsp;&nbsp;&nbsp;&nbsp; Slavnostn\u00ed pr\u016fvod obc\u00ed Lipnice nad S\u00e1zavou (masky a kost\u00fdmy Jany \u0160ev\u010dik) 15:00 h &nbsp;&nbsp;&nbsp;&nbsp;&nbsp;&nbsp;&nbsp; Divadlo Klauniky: Don Kichot de la An\u010da I (legend\u00e1rn\u00ed inscenace v netradi\u010dn\u00ed \u00faprav\u011b) &#8211; hrad 15:15 h &nbsp;&nbsp;&nbsp;&nbsp;&nbsp;&nbsp;&nbsp; Divadlo Harmonika: Poh\u00e1dka o p\u00edsni\u010dce (p\u0159edstaven\u00ed pro d\u011bti) &#8211; hrad&nbsp; 16:00 h &nbsp;&nbsp;&nbsp;&nbsp;&nbsp;&nbsp;&nbsp; Nosl\u00e1va: Koncert \u017divot (vystoupen\u00ed [&hellip;]\" \/>\n<meta property=\"og:url\" content=\"https:\/\/www.klaunika.eu\/?page_id=1656\" \/>\n<meta property=\"og:site_name\" content=\"DIVADLO KLAUNIKY BRNO\" \/>\n<meta property=\"article:modified_time\" content=\"2021-12-01T17:55:38+00:00\" \/>\n<meta property=\"og:image\" content=\"https:\/\/www.klaunika.eu\/wp-content\/uploads\/2015\/05\/31963974_1701927603219302_7265304091650162688_o-e1637791269526.jpg\" \/>\n\t<meta property=\"og:image:width\" content=\"1046\" \/>\n\t<meta property=\"og:image:height\" content=\"112\" \/>\n\t<meta property=\"og:image:type\" content=\"image\/jpeg\" \/>\n<meta name=\"twitter:card\" content=\"summary_large_image\" \/>\n<meta name=\"twitter:label1\" content=\"Odhadovan\u00e1 doba \u010dten\u00ed\" \/>\n\t<meta name=\"twitter:data1\" content=\"3 minuty\" \/>\n<script type=\"application\/ld+json\" class=\"yoast-schema-graph\">{\"@context\":\"https:\\\/\\\/schema.org\",\"@graph\":[{\"@type\":\"WebPage\",\"@id\":\"https:\\\/\\\/www.klaunika.eu\\\/?page_id=1656\",\"url\":\"https:\\\/\\\/www.klaunika.eu\\\/?page_id=1656\",\"name\":\"PROGRAM V. RO\u010cN\u00cdKU - DIVADLO KLAUNIKY BRNO\",\"isPartOf\":{\"@id\":\"https:\\\/\\\/www.klaunika.eu\\\/#website\"},\"primaryImageOfPage\":{\"@id\":\"https:\\\/\\\/www.klaunika.eu\\\/?page_id=1656#primaryimage\"},\"image\":{\"@id\":\"https:\\\/\\\/www.klaunika.eu\\\/?page_id=1656#primaryimage\"},\"thumbnailUrl\":\"https:\\\/\\\/www.klaunika.eu\\\/wp-content\\\/uploads\\\/2015\\\/05\\\/31963974_1701927603219302_7265304091650162688_o-e1637791269526.jpg\",\"datePublished\":\"2018-12-03T18:02:24+00:00\",\"dateModified\":\"2021-12-01T17:55:38+00:00\",\"breadcrumb\":{\"@id\":\"https:\\\/\\\/www.klaunika.eu\\\/?page_id=1656#breadcrumb\"},\"inLanguage\":\"cs\",\"potentialAction\":[{\"@type\":\"ReadAction\",\"target\":[\"https:\\\/\\\/www.klaunika.eu\\\/?page_id=1656\"]}]},{\"@type\":\"ImageObject\",\"inLanguage\":\"cs\",\"@id\":\"https:\\\/\\\/www.klaunika.eu\\\/?page_id=1656#primaryimage\",\"url\":\"https:\\\/\\\/www.klaunika.eu\\\/wp-content\\\/uploads\\\/2015\\\/05\\\/31963974_1701927603219302_7265304091650162688_o-e1637791269526.jpg\",\"contentUrl\":\"https:\\\/\\\/www.klaunika.eu\\\/wp-content\\\/uploads\\\/2015\\\/05\\\/31963974_1701927603219302_7265304091650162688_o-e1637791269526.jpg\",\"width\":1046,\"height\":112},{\"@type\":\"BreadcrumbList\",\"@id\":\"https:\\\/\\\/www.klaunika.eu\\\/?page_id=1656#breadcrumb\",\"itemListElement\":[{\"@type\":\"ListItem\",\"position\":1,\"name\":\"Dom\u016f\",\"item\":\"https:\\\/\\\/www.klaunika.eu\\\/\"},{\"@type\":\"ListItem\",\"position\":2,\"name\":\"PROGRAM V. RO\u010cN\u00cdKU\"}]},{\"@type\":\"WebSite\",\"@id\":\"https:\\\/\\\/www.klaunika.eu\\\/#website\",\"url\":\"https:\\\/\\\/www.klaunika.eu\\\/\",\"name\":\"DIVADLO KLAUNIKY BRNO\",\"description\":\"SOUKROM\u00c1 SC\u00c9NA HUMORU\",\"publisher\":{\"@id\":\"https:\\\/\\\/www.klaunika.eu\\\/#organization\"},\"potentialAction\":[{\"@type\":\"SearchAction\",\"target\":{\"@type\":\"EntryPoint\",\"urlTemplate\":\"https:\\\/\\\/www.klaunika.eu\\\/?s={search_term_string}\"},\"query-input\":{\"@type\":\"PropertyValueSpecification\",\"valueRequired\":true,\"valueName\":\"search_term_string\"}}],\"inLanguage\":\"cs\"},{\"@type\":\"Organization\",\"@id\":\"https:\\\/\\\/www.klaunika.eu\\\/#organization\",\"name\":\"DIVADLO KLAUNIKY BRNO\",\"url\":\"https:\\\/\\\/www.klaunika.eu\\\/\",\"logo\":{\"@type\":\"ImageObject\",\"inLanguage\":\"cs\",\"@id\":\"https:\\\/\\\/www.klaunika.eu\\\/#\\\/schema\\\/logo\\\/image\\\/\",\"url\":\"https:\\\/\\\/www.klaunika.eu\\\/wp-content\\\/uploads\\\/2021\\\/11\\\/cropped-cropped-PSX_20211123_210259.jpg\",\"contentUrl\":\"https:\\\/\\\/www.klaunika.eu\\\/wp-content\\\/uploads\\\/2021\\\/11\\\/cropped-cropped-PSX_20211123_210259.jpg\",\"width\":248,\"height\":248,\"caption\":\"DIVADLO KLAUNIKY BRNO\"},\"image\":{\"@id\":\"https:\\\/\\\/www.klaunika.eu\\\/#\\\/schema\\\/logo\\\/image\\\/\"}}]}<\/script>\n<!-- \/ Yoast SEO plugin. -->","yoast_head_json":{"title":"PROGRAM V. RO\u010cN\u00cdKU - DIVADLO KLAUNIKY BRNO","robots":{"index":"index","follow":"follow","max-snippet":"max-snippet:-1","max-image-preview":"max-image-preview:large","max-video-preview":"max-video-preview:-1"},"canonical":"https:\/\/www.klaunika.eu\/?page_id=1656","og_locale":"cs_CZ","og_type":"article","og_title":"PROGRAM V. RO\u010cN\u00cdKU - DIVADLO KLAUNIKY BRNO","og_description":"P\u00e1tek 31. srpna&nbsp;2018 14,30 h &nbsp;&nbsp;&nbsp;&nbsp;&nbsp;&nbsp;&nbsp; Slavnostn\u00ed pr\u016fvod obc\u00ed Lipnice nad S\u00e1zavou (masky a kost\u00fdmy Jany \u0160ev\u010dik) 15:00 h &nbsp;&nbsp;&nbsp;&nbsp;&nbsp;&nbsp;&nbsp; Divadlo Klauniky: Don Kichot de la An\u010da I (legend\u00e1rn\u00ed inscenace v netradi\u010dn\u00ed \u00faprav\u011b) &#8211; hrad 15:15 h &nbsp;&nbsp;&nbsp;&nbsp;&nbsp;&nbsp;&nbsp; Divadlo Harmonika: Poh\u00e1dka o p\u00edsni\u010dce (p\u0159edstaven\u00ed pro d\u011bti) &#8211; hrad&nbsp; 16:00 h &nbsp;&nbsp;&nbsp;&nbsp;&nbsp;&nbsp;&nbsp; Nosl\u00e1va: Koncert \u017divot (vystoupen\u00ed [&hellip;]","og_url":"https:\/\/www.klaunika.eu\/?page_id=1656","og_site_name":"DIVADLO KLAUNIKY BRNO","article_modified_time":"2021-12-01T17:55:38+00:00","og_image":[{"width":1046,"height":112,"url":"https:\/\/www.klaunika.eu\/wp-content\/uploads\/2015\/05\/31963974_1701927603219302_7265304091650162688_o-e1637791269526.jpg","type":"image\/jpeg"}],"twitter_card":"summary_large_image","twitter_misc":{"Odhadovan\u00e1 doba \u010dten\u00ed":"3 minuty"},"schema":{"@context":"https:\/\/schema.org","@graph":[{"@type":"WebPage","@id":"https:\/\/www.klaunika.eu\/?page_id=1656","url":"https:\/\/www.klaunika.eu\/?page_id=1656","name":"PROGRAM V. RO\u010cN\u00cdKU - DIVADLO KLAUNIKY BRNO","isPartOf":{"@id":"https:\/\/www.klaunika.eu\/#website"},"primaryImageOfPage":{"@id":"https:\/\/www.klaunika.eu\/?page_id=1656#primaryimage"},"image":{"@id":"https:\/\/www.klaunika.eu\/?page_id=1656#primaryimage"},"thumbnailUrl":"https:\/\/www.klaunika.eu\/wp-content\/uploads\/2015\/05\/31963974_1701927603219302_7265304091650162688_o-e1637791269526.jpg","datePublished":"2018-12-03T18:02:24+00:00","dateModified":"2021-12-01T17:55:38+00:00","breadcrumb":{"@id":"https:\/\/www.klaunika.eu\/?page_id=1656#breadcrumb"},"inLanguage":"cs","potentialAction":[{"@type":"ReadAction","target":["https:\/\/www.klaunika.eu\/?page_id=1656"]}]},{"@type":"ImageObject","inLanguage":"cs","@id":"https:\/\/www.klaunika.eu\/?page_id=1656#primaryimage","url":"https:\/\/www.klaunika.eu\/wp-content\/uploads\/2015\/05\/31963974_1701927603219302_7265304091650162688_o-e1637791269526.jpg","contentUrl":"https:\/\/www.klaunika.eu\/wp-content\/uploads\/2015\/05\/31963974_1701927603219302_7265304091650162688_o-e1637791269526.jpg","width":1046,"height":112},{"@type":"BreadcrumbList","@id":"https:\/\/www.klaunika.eu\/?page_id=1656#breadcrumb","itemListElement":[{"@type":"ListItem","position":1,"name":"Dom\u016f","item":"https:\/\/www.klaunika.eu\/"},{"@type":"ListItem","position":2,"name":"PROGRAM V. RO\u010cN\u00cdKU"}]},{"@type":"WebSite","@id":"https:\/\/www.klaunika.eu\/#website","url":"https:\/\/www.klaunika.eu\/","name":"DIVADLO KLAUNIKY BRNO","description":"SOUKROM\u00c1 SC\u00c9NA HUMORU","publisher":{"@id":"https:\/\/www.klaunika.eu\/#organization"},"potentialAction":[{"@type":"SearchAction","target":{"@type":"EntryPoint","urlTemplate":"https:\/\/www.klaunika.eu\/?s={search_term_string}"},"query-input":{"@type":"PropertyValueSpecification","valueRequired":true,"valueName":"search_term_string"}}],"inLanguage":"cs"},{"@type":"Organization","@id":"https:\/\/www.klaunika.eu\/#organization","name":"DIVADLO KLAUNIKY BRNO","url":"https:\/\/www.klaunika.eu\/","logo":{"@type":"ImageObject","inLanguage":"cs","@id":"https:\/\/www.klaunika.eu\/#\/schema\/logo\/image\/","url":"https:\/\/www.klaunika.eu\/wp-content\/uploads\/2021\/11\/cropped-cropped-PSX_20211123_210259.jpg","contentUrl":"https:\/\/www.klaunika.eu\/wp-content\/uploads\/2021\/11\/cropped-cropped-PSX_20211123_210259.jpg","width":248,"height":248,"caption":"DIVADLO KLAUNIKY BRNO"},"image":{"@id":"https:\/\/www.klaunika.eu\/#\/schema\/logo\/image\/"}}]}},"_links":{"self":[{"href":"https:\/\/www.klaunika.eu\/index.php?rest_route=\/wp\/v2\/pages\/1656","targetHints":{"allow":["GET"]}}],"collection":[{"href":"https:\/\/www.klaunika.eu\/index.php?rest_route=\/wp\/v2\/pages"}],"about":[{"href":"https:\/\/www.klaunika.eu\/index.php?rest_route=\/wp\/v2\/types\/page"}],"author":[{"embeddable":true,"href":"https:\/\/www.klaunika.eu\/index.php?rest_route=\/wp\/v2\/users\/1"}],"replies":[{"embeddable":true,"href":"https:\/\/www.klaunika.eu\/index.php?rest_route=%2Fwp%2Fv2%2Fcomments&post=1656"}],"version-history":[{"count":5,"href":"https:\/\/www.klaunika.eu\/index.php?rest_route=\/wp\/v2\/pages\/1656\/revisions"}],"predecessor-version":[{"id":2181,"href":"https:\/\/www.klaunika.eu\/index.php?rest_route=\/wp\/v2\/pages\/1656\/revisions\/2181"}],"wp:featuredmedia":[{"embeddable":true,"href":"https:\/\/www.klaunika.eu\/index.php?rest_route=\/wp\/v2\/media\/1620"}],"wp:attachment":[{"href":"https:\/\/www.klaunika.eu\/index.php?rest_route=%2Fwp%2Fv2%2Fmedia&parent=1656"}],"curies":[{"name":"wp","href":"https:\/\/api.w.org\/{rel}","templated":true}]}}