{"id":1382,"date":"2016-08-24T19:29:16","date_gmt":"2016-08-24T17:29:16","guid":{"rendered":"http:\/\/www.klaunika.eu\/?page_id=1382"},"modified":"2016-09-21T19:16:30","modified_gmt":"2016-09-21T17:16:30","slug":"pruhovane-panenky","status":"publish","type":"page","link":"https:\/\/www.klaunika.eu\/?page_id=1382","title":{"rendered":"PRUHOVAN\u00c9 PANENKY"},"content":{"rendered":"<p style=\"text-align: justify;\">Pruhovan\u00e9 panenky jsou poetick\u00e9 divadlo pro d\u011bti a dosp\u011bl\u00e9, miluj\u00edc\u00ed kr\u00e1sy star\u00fdch \u010das\u016f, tradice, \u0159emesla, zapomenut\u00e9 v\u011bci, lesy, v\u016fn\u011b, kouty a cesty. Hled\u00e1me propojen\u00ed mezi jemnost\u00ed, hloubkou a klauni\u00e1dou. Na d\u011btskou du\u0161i p\u016fsob\u00edme jemn\u011b. Vych\u00e1z\u00edme z\u00a0my\u0161lenky, \u017ee hr\u00e1t si m\u016f\u017eeme s\u00a0\u010d\u00edmkoliv. Zaj\u00edm\u00e1 n\u00e1s poetika star\u00fdch \u010das\u016f, lidov\u00e1 \u0159emesla a star\u00e9 v\u011bci, kter\u00e9 v na\u0161ich p\u0159edstaven\u00edch o\u017e\u00edvaj\u00ed a dost\u00e1vaj\u00ed novou tv\u00e1\u0159.<\/p>\n<h5 style=\"text-align: justify;\"><span style=\"color: #ff0000;\">O T\u0158ECH NEPOSLU\u0160N\u00ddCH K\u016eZL\u00c1TK\u00c1CH<\/span><\/h5>\n<p style=\"text-align: justify;\">Ver\u0161ovan\u00e9 loutkohereck\u00e9 p\u0159edstaven\u00ed vych\u00e1zej\u00edc\u00ed z klasick\u00e9 poh\u00e1dky \u201eO t\u0159ech neposlu\u0161n\u00fdch k\u016fzl\u00e1tk\u00e1ch\u201c. M\u016f\u017eete se t\u011b\u0161it na loutky k\u016fzl\u00e1tek vyroben\u00e9 z ov\u010d\u00edho rouna, vesel\u00e9 p\u00edsni\u010dky prov\u00e1zej\u00edc\u00ed cel\u00e9 p\u0159edstaven\u00ed za doprovodu fl\u00e9tny a kytary. Sou\u010d\u00e1st\u00ed p\u0159edstaven\u00ed je interaktivn\u00ed d\u00edlna, ve kter\u00e9 d\u011bti u\u010d\u00edme p\u00edsni\u010dky a spole\u010dn\u011b si zp\u00edv\u00e1me a hrajeme.<\/p>\n<p style=\"text-align: justify;\">Ve v\u00fdtvarn\u00e9 d\u00edln\u011b d\u011bti vytv\u00e1\u0159\u00ed mal\u00e1 k\u016fzl\u00e1tka z ov\u010d\u00edho rouna a pap\u00edru.<\/p>\n<div class=\"su-custom-gallery su-custom-gallery-align-left su-custom-gallery-title-never su-lightbox-gallery\"><div class=\"su-custom-gallery-slide\" style=\"width:100px;height:100px\"><a href=\"https:\/\/www.klaunika.eu\/wp-content\/uploads\/2016\/08\/DSC6612.jpg\" title=\"_dsc6612\"><img decoding=\"async\" src=\"https:\/\/www.klaunika.eu\/wp-content\/uploads\/2016\/08\/DSC6612-100x100.jpg\" alt=\"_dsc6612\" width=\"100\" height=\"100\" \/><span class=\"su-custom-gallery-title\">_dsc6612<\/span><\/a><\/div><div class=\"su-custom-gallery-slide\" style=\"width:100px;height:100px\"><a href=\"https:\/\/www.klaunika.eu\/wp-content\/uploads\/2016\/08\/DSC6613.jpg\" title=\"_dsc6613\"><img decoding=\"async\" src=\"https:\/\/www.klaunika.eu\/wp-content\/uploads\/2016\/08\/DSC6613-100x100.jpg\" alt=\"_dsc6613\" width=\"100\" height=\"100\" \/><span class=\"su-custom-gallery-title\">_dsc6613<\/span><\/a><\/div><div class=\"su-custom-gallery-slide\" style=\"width:100px;height:100px\"><a href=\"https:\/\/www.klaunika.eu\/wp-content\/uploads\/2016\/08\/DSC6630.jpg\" title=\"_dsc6630\"><img decoding=\"async\" src=\"https:\/\/www.klaunika.eu\/wp-content\/uploads\/2016\/08\/DSC6630-100x100.jpg\" alt=\"_dsc6630\" width=\"100\" height=\"100\" \/><span class=\"su-custom-gallery-title\">_dsc6630<\/span><\/a><\/div><div class=\"su-custom-gallery-slide\" style=\"width:100px;height:100px\"><a href=\"https:\/\/www.klaunika.eu\/wp-content\/uploads\/2016\/08\/DSC6636.jpg\" title=\"_dsc6636\"><img loading=\"lazy\" decoding=\"async\" src=\"https:\/\/www.klaunika.eu\/wp-content\/uploads\/2016\/08\/DSC6636-100x100.jpg\" alt=\"_dsc6636\" width=\"100\" height=\"100\" \/><span class=\"su-custom-gallery-title\">_dsc6636<\/span><\/a><\/div><div class=\"su-custom-gallery-slide\" style=\"width:100px;height:100px\"><a href=\"https:\/\/www.klaunika.eu\/wp-content\/uploads\/2016\/08\/DSC6658.jpg\" title=\"_dsc6658\"><img loading=\"lazy\" decoding=\"async\" src=\"https:\/\/www.klaunika.eu\/wp-content\/uploads\/2016\/08\/DSC6658-100x100.jpg\" alt=\"_dsc6658\" width=\"100\" height=\"100\" \/><span class=\"su-custom-gallery-title\">_dsc6658<\/span><\/a><\/div><div class=\"su-custom-gallery-slide\" style=\"width:100px;height:100px\"><a href=\"https:\/\/www.klaunika.eu\/wp-content\/uploads\/2016\/08\/DSC6663.jpg\" title=\"_dsc6663\"><img loading=\"lazy\" decoding=\"async\" src=\"https:\/\/www.klaunika.eu\/wp-content\/uploads\/2016\/08\/DSC6663-100x100.jpg\" alt=\"_dsc6663\" width=\"100\" height=\"100\" \/><span class=\"su-custom-gallery-title\">_dsc6663<\/span><\/a><\/div><div class=\"su-custom-gallery-slide\" style=\"width:100px;height:100px\"><a href=\"https:\/\/www.klaunika.eu\/wp-content\/uploads\/2016\/08\/DSC6672.jpg\" title=\"_dsc6672\"><img loading=\"lazy\" decoding=\"async\" src=\"https:\/\/www.klaunika.eu\/wp-content\/uploads\/2016\/08\/DSC6672-100x100.jpg\" alt=\"_dsc6672\" width=\"100\" height=\"100\" \/><span class=\"su-custom-gallery-title\">_dsc6672<\/span><\/a><\/div><div class=\"su-custom-gallery-slide\" style=\"width:100px;height:100px\"><a href=\"https:\/\/www.klaunika.eu\/wp-content\/uploads\/2016\/08\/DSC6673.jpg\" title=\"_dsc6673\"><img loading=\"lazy\" decoding=\"async\" src=\"https:\/\/www.klaunika.eu\/wp-content\/uploads\/2016\/08\/DSC6673-100x100.jpg\" alt=\"_dsc6673\" width=\"100\" height=\"100\" \/><span class=\"su-custom-gallery-title\">_dsc6673<\/span><\/a><\/div><div class=\"su-custom-gallery-slide\" style=\"width:100px;height:100px\"><a href=\"https:\/\/www.klaunika.eu\/wp-content\/uploads\/2016\/08\/DSC6676.jpg\" title=\"_dsc6676\"><img loading=\"lazy\" decoding=\"async\" src=\"https:\/\/www.klaunika.eu\/wp-content\/uploads\/2016\/08\/DSC6676-100x100.jpg\" alt=\"_dsc6676\" width=\"100\" height=\"100\" \/><span class=\"su-custom-gallery-title\">_dsc6676<\/span><\/a><\/div><div class=\"su-custom-gallery-slide\" style=\"width:100px;height:100px\"><a href=\"https:\/\/www.klaunika.eu\/wp-content\/uploads\/2016\/08\/DSC6682.jpg\" title=\"_dsc6682\"><img loading=\"lazy\" decoding=\"async\" src=\"https:\/\/www.klaunika.eu\/wp-content\/uploads\/2016\/08\/DSC6682-100x100.jpg\" alt=\"_dsc6682\" width=\"100\" height=\"100\" \/><span class=\"su-custom-gallery-title\">_dsc6682<\/span><\/a><\/div><div class=\"su-custom-gallery-slide\" style=\"width:100px;height:100px\"><a href=\"https:\/\/www.klaunika.eu\/wp-content\/uploads\/2016\/08\/DSC6687.jpg\" title=\"_dsc6687\"><img loading=\"lazy\" decoding=\"async\" src=\"https:\/\/www.klaunika.eu\/wp-content\/uploads\/2016\/08\/DSC6687-100x100.jpg\" alt=\"_dsc6687\" width=\"100\" height=\"100\" \/><span class=\"su-custom-gallery-title\">_dsc6687<\/span><\/a><\/div><div class=\"su-custom-gallery-slide\" style=\"width:100px;height:100px\"><a href=\"https:\/\/www.klaunika.eu\/wp-content\/uploads\/2016\/08\/DSC6688.jpg\" title=\"_dsc6688\"><img loading=\"lazy\" decoding=\"async\" src=\"https:\/\/www.klaunika.eu\/wp-content\/uploads\/2016\/08\/DSC6688-100x100.jpg\" alt=\"_dsc6688\" width=\"100\" height=\"100\" \/><span class=\"su-custom-gallery-title\">_dsc6688<\/span><\/a><\/div><div class=\"su-custom-gallery-slide\" style=\"width:100px;height:100px\"><a href=\"https:\/\/www.klaunika.eu\/wp-content\/uploads\/2016\/08\/DSC6690.jpg\" title=\"_dsc6690\"><img loading=\"lazy\" decoding=\"async\" src=\"https:\/\/www.klaunika.eu\/wp-content\/uploads\/2016\/08\/DSC6690-100x100.jpg\" alt=\"_dsc6690\" width=\"100\" height=\"100\" \/><span class=\"su-custom-gallery-title\">_dsc6690<\/span><\/a><\/div><div class=\"su-clear\"><\/div><\/div>\n","protected":false},"excerpt":{"rendered":"<p>Pruhovan\u00e9 panenky jsou poetick\u00e9 divadlo pro d\u011bti a dosp\u011bl\u00e9, miluj\u00edc\u00ed kr\u00e1sy star\u00fdch \u010das\u016f, tradice, \u0159emesla, zapomenut\u00e9 v\u011bci, lesy, v\u016fn\u011b, kouty a cesty. Hled\u00e1me propojen\u00ed mezi jemnost\u00ed, hloubkou a klauni\u00e1dou. Na d\u011btskou du\u0161i p\u016fsob\u00edme jemn\u011b. Vych\u00e1z\u00edme z\u00a0my\u0161lenky, \u017ee hr\u00e1t si m\u016f\u017eeme s\u00a0\u010d\u00edmkoliv. Zaj\u00edm\u00e1 n\u00e1s poetika star\u00fdch \u010das\u016f, lidov\u00e1 \u0159emesla a star\u00e9 v\u011bci, kter\u00e9 v na\u0161ich p\u0159edstaven\u00edch [&hellip;]<\/p>\n","protected":false},"author":1,"featured_media":1385,"parent":0,"menu_order":0,"comment_status":"closed","ping_status":"open","template":"","meta":{"footnotes":""},"class_list":["post-1382","page","type-page","status-publish","has-post-thumbnail","hentry"],"yoast_head":"<!-- This site is optimized with the Yoast SEO plugin v27.5 - https:\/\/yoast.com\/product\/yoast-seo-wordpress\/ -->\n<title>PRUHOVAN\u00c9 PANENKY - DIVADLO KLAUNIKY BRNO<\/title>\n<meta name=\"robots\" content=\"index, follow, max-snippet:-1, max-image-preview:large, max-video-preview:-1\" \/>\n<link rel=\"canonical\" href=\"https:\/\/www.klaunika.eu\/?page_id=1382\" \/>\n<meta property=\"og:locale\" content=\"cs_CZ\" \/>\n<meta property=\"og:type\" content=\"article\" \/>\n<meta property=\"og:title\" content=\"PRUHOVAN\u00c9 PANENKY - DIVADLO KLAUNIKY BRNO\" \/>\n<meta property=\"og:description\" content=\"Pruhovan\u00e9 panenky jsou poetick\u00e9 divadlo pro d\u011bti a dosp\u011bl\u00e9, miluj\u00edc\u00ed kr\u00e1sy star\u00fdch \u010das\u016f, tradice, \u0159emesla, zapomenut\u00e9 v\u011bci, lesy, v\u016fn\u011b, kouty a cesty. Hled\u00e1me propojen\u00ed mezi jemnost\u00ed, hloubkou a klauni\u00e1dou. Na d\u011btskou du\u0161i p\u016fsob\u00edme jemn\u011b. Vych\u00e1z\u00edme z\u00a0my\u0161lenky, \u017ee hr\u00e1t si m\u016f\u017eeme s\u00a0\u010d\u00edmkoliv. Zaj\u00edm\u00e1 n\u00e1s poetika star\u00fdch \u010das\u016f, lidov\u00e1 \u0159emesla a star\u00e9 v\u011bci, kter\u00e9 v na\u0161ich p\u0159edstaven\u00edch [&hellip;]\" \/>\n<meta property=\"og:url\" content=\"https:\/\/www.klaunika.eu\/?page_id=1382\" \/>\n<meta property=\"og:site_name\" content=\"DIVADLO KLAUNIKY BRNO\" \/>\n<meta property=\"article:modified_time\" content=\"2016-09-21T17:16:30+00:00\" \/>\n<meta property=\"og:image\" content=\"https:\/\/www.klaunika.eu\/wp-content\/uploads\/2016\/08\/pruh-pan-crop.jpg\" \/>\n\t<meta property=\"og:image:width\" content=\"600\" \/>\n\t<meta property=\"og:image:height\" content=\"273\" \/>\n\t<meta property=\"og:image:type\" content=\"image\/jpeg\" \/>\n<meta name=\"twitter:card\" content=\"summary_large_image\" \/>\n<meta name=\"twitter:label1\" content=\"Odhadovan\u00e1 doba \u010dten\u00ed\" \/>\n\t<meta name=\"twitter:data1\" content=\"1 minuta\" \/>\n<script type=\"application\/ld+json\" class=\"yoast-schema-graph\">{\"@context\":\"https:\\\/\\\/schema.org\",\"@graph\":[{\"@type\":\"WebPage\",\"@id\":\"https:\\\/\\\/www.klaunika.eu\\\/?page_id=1382\",\"url\":\"https:\\\/\\\/www.klaunika.eu\\\/?page_id=1382\",\"name\":\"PRUHOVAN\u00c9 PANENKY - DIVADLO KLAUNIKY BRNO\",\"isPartOf\":{\"@id\":\"https:\\\/\\\/www.klaunika.eu\\\/#website\"},\"primaryImageOfPage\":{\"@id\":\"https:\\\/\\\/www.klaunika.eu\\\/?page_id=1382#primaryimage\"},\"image\":{\"@id\":\"https:\\\/\\\/www.klaunika.eu\\\/?page_id=1382#primaryimage\"},\"thumbnailUrl\":\"https:\\\/\\\/www.klaunika.eu\\\/wp-content\\\/uploads\\\/2016\\\/08\\\/pruh-pan-crop.jpg\",\"datePublished\":\"2016-08-24T17:29:16+00:00\",\"dateModified\":\"2016-09-21T17:16:30+00:00\",\"breadcrumb\":{\"@id\":\"https:\\\/\\\/www.klaunika.eu\\\/?page_id=1382#breadcrumb\"},\"inLanguage\":\"cs\",\"potentialAction\":[{\"@type\":\"ReadAction\",\"target\":[\"https:\\\/\\\/www.klaunika.eu\\\/?page_id=1382\"]}]},{\"@type\":\"ImageObject\",\"inLanguage\":\"cs\",\"@id\":\"https:\\\/\\\/www.klaunika.eu\\\/?page_id=1382#primaryimage\",\"url\":\"https:\\\/\\\/www.klaunika.eu\\\/wp-content\\\/uploads\\\/2016\\\/08\\\/pruh-pan-crop.jpg\",\"contentUrl\":\"https:\\\/\\\/www.klaunika.eu\\\/wp-content\\\/uploads\\\/2016\\\/08\\\/pruh-pan-crop.jpg\",\"width\":600,\"height\":273},{\"@type\":\"BreadcrumbList\",\"@id\":\"https:\\\/\\\/www.klaunika.eu\\\/?page_id=1382#breadcrumb\",\"itemListElement\":[{\"@type\":\"ListItem\",\"position\":1,\"name\":\"Dom\u016f\",\"item\":\"https:\\\/\\\/www.klaunika.eu\\\/\"},{\"@type\":\"ListItem\",\"position\":2,\"name\":\"PRUHOVAN\u00c9 PANENKY\"}]},{\"@type\":\"WebSite\",\"@id\":\"https:\\\/\\\/www.klaunika.eu\\\/#website\",\"url\":\"https:\\\/\\\/www.klaunika.eu\\\/\",\"name\":\"DIVADLO KLAUNIKY BRNO\",\"description\":\"SOUKROM\u00c1 SC\u00c9NA HUMORU\",\"publisher\":{\"@id\":\"https:\\\/\\\/www.klaunika.eu\\\/#organization\"},\"potentialAction\":[{\"@type\":\"SearchAction\",\"target\":{\"@type\":\"EntryPoint\",\"urlTemplate\":\"https:\\\/\\\/www.klaunika.eu\\\/?s={search_term_string}\"},\"query-input\":{\"@type\":\"PropertyValueSpecification\",\"valueRequired\":true,\"valueName\":\"search_term_string\"}}],\"inLanguage\":\"cs\"},{\"@type\":\"Organization\",\"@id\":\"https:\\\/\\\/www.klaunika.eu\\\/#organization\",\"name\":\"DIVADLO KLAUNIKY BRNO\",\"url\":\"https:\\\/\\\/www.klaunika.eu\\\/\",\"logo\":{\"@type\":\"ImageObject\",\"inLanguage\":\"cs\",\"@id\":\"https:\\\/\\\/www.klaunika.eu\\\/#\\\/schema\\\/logo\\\/image\\\/\",\"url\":\"https:\\\/\\\/www.klaunika.eu\\\/wp-content\\\/uploads\\\/2021\\\/11\\\/cropped-cropped-PSX_20211123_210259.jpg\",\"contentUrl\":\"https:\\\/\\\/www.klaunika.eu\\\/wp-content\\\/uploads\\\/2021\\\/11\\\/cropped-cropped-PSX_20211123_210259.jpg\",\"width\":248,\"height\":248,\"caption\":\"DIVADLO KLAUNIKY BRNO\"},\"image\":{\"@id\":\"https:\\\/\\\/www.klaunika.eu\\\/#\\\/schema\\\/logo\\\/image\\\/\"}}]}<\/script>\n<!-- \/ Yoast SEO plugin. -->","yoast_head_json":{"title":"PRUHOVAN\u00c9 PANENKY - DIVADLO KLAUNIKY BRNO","robots":{"index":"index","follow":"follow","max-snippet":"max-snippet:-1","max-image-preview":"max-image-preview:large","max-video-preview":"max-video-preview:-1"},"canonical":"https:\/\/www.klaunika.eu\/?page_id=1382","og_locale":"cs_CZ","og_type":"article","og_title":"PRUHOVAN\u00c9 PANENKY - DIVADLO KLAUNIKY BRNO","og_description":"Pruhovan\u00e9 panenky jsou poetick\u00e9 divadlo pro d\u011bti a dosp\u011bl\u00e9, miluj\u00edc\u00ed kr\u00e1sy star\u00fdch \u010das\u016f, tradice, \u0159emesla, zapomenut\u00e9 v\u011bci, lesy, v\u016fn\u011b, kouty a cesty. Hled\u00e1me propojen\u00ed mezi jemnost\u00ed, hloubkou a klauni\u00e1dou. Na d\u011btskou du\u0161i p\u016fsob\u00edme jemn\u011b. Vych\u00e1z\u00edme z\u00a0my\u0161lenky, \u017ee hr\u00e1t si m\u016f\u017eeme s\u00a0\u010d\u00edmkoliv. Zaj\u00edm\u00e1 n\u00e1s poetika star\u00fdch \u010das\u016f, lidov\u00e1 \u0159emesla a star\u00e9 v\u011bci, kter\u00e9 v na\u0161ich p\u0159edstaven\u00edch [&hellip;]","og_url":"https:\/\/www.klaunika.eu\/?page_id=1382","og_site_name":"DIVADLO KLAUNIKY BRNO","article_modified_time":"2016-09-21T17:16:30+00:00","og_image":[{"width":600,"height":273,"url":"https:\/\/www.klaunika.eu\/wp-content\/uploads\/2016\/08\/pruh-pan-crop.jpg","type":"image\/jpeg"}],"twitter_card":"summary_large_image","twitter_misc":{"Odhadovan\u00e1 doba \u010dten\u00ed":"1 minuta"},"schema":{"@context":"https:\/\/schema.org","@graph":[{"@type":"WebPage","@id":"https:\/\/www.klaunika.eu\/?page_id=1382","url":"https:\/\/www.klaunika.eu\/?page_id=1382","name":"PRUHOVAN\u00c9 PANENKY - DIVADLO KLAUNIKY BRNO","isPartOf":{"@id":"https:\/\/www.klaunika.eu\/#website"},"primaryImageOfPage":{"@id":"https:\/\/www.klaunika.eu\/?page_id=1382#primaryimage"},"image":{"@id":"https:\/\/www.klaunika.eu\/?page_id=1382#primaryimage"},"thumbnailUrl":"https:\/\/www.klaunika.eu\/wp-content\/uploads\/2016\/08\/pruh-pan-crop.jpg","datePublished":"2016-08-24T17:29:16+00:00","dateModified":"2016-09-21T17:16:30+00:00","breadcrumb":{"@id":"https:\/\/www.klaunika.eu\/?page_id=1382#breadcrumb"},"inLanguage":"cs","potentialAction":[{"@type":"ReadAction","target":["https:\/\/www.klaunika.eu\/?page_id=1382"]}]},{"@type":"ImageObject","inLanguage":"cs","@id":"https:\/\/www.klaunika.eu\/?page_id=1382#primaryimage","url":"https:\/\/www.klaunika.eu\/wp-content\/uploads\/2016\/08\/pruh-pan-crop.jpg","contentUrl":"https:\/\/www.klaunika.eu\/wp-content\/uploads\/2016\/08\/pruh-pan-crop.jpg","width":600,"height":273},{"@type":"BreadcrumbList","@id":"https:\/\/www.klaunika.eu\/?page_id=1382#breadcrumb","itemListElement":[{"@type":"ListItem","position":1,"name":"Dom\u016f","item":"https:\/\/www.klaunika.eu\/"},{"@type":"ListItem","position":2,"name":"PRUHOVAN\u00c9 PANENKY"}]},{"@type":"WebSite","@id":"https:\/\/www.klaunika.eu\/#website","url":"https:\/\/www.klaunika.eu\/","name":"DIVADLO KLAUNIKY BRNO","description":"SOUKROM\u00c1 SC\u00c9NA HUMORU","publisher":{"@id":"https:\/\/www.klaunika.eu\/#organization"},"potentialAction":[{"@type":"SearchAction","target":{"@type":"EntryPoint","urlTemplate":"https:\/\/www.klaunika.eu\/?s={search_term_string}"},"query-input":{"@type":"PropertyValueSpecification","valueRequired":true,"valueName":"search_term_string"}}],"inLanguage":"cs"},{"@type":"Organization","@id":"https:\/\/www.klaunika.eu\/#organization","name":"DIVADLO KLAUNIKY BRNO","url":"https:\/\/www.klaunika.eu\/","logo":{"@type":"ImageObject","inLanguage":"cs","@id":"https:\/\/www.klaunika.eu\/#\/schema\/logo\/image\/","url":"https:\/\/www.klaunika.eu\/wp-content\/uploads\/2021\/11\/cropped-cropped-PSX_20211123_210259.jpg","contentUrl":"https:\/\/www.klaunika.eu\/wp-content\/uploads\/2021\/11\/cropped-cropped-PSX_20211123_210259.jpg","width":248,"height":248,"caption":"DIVADLO KLAUNIKY BRNO"},"image":{"@id":"https:\/\/www.klaunika.eu\/#\/schema\/logo\/image\/"}}]}},"_links":{"self":[{"href":"https:\/\/www.klaunika.eu\/index.php?rest_route=\/wp\/v2\/pages\/1382","targetHints":{"allow":["GET"]}}],"collection":[{"href":"https:\/\/www.klaunika.eu\/index.php?rest_route=\/wp\/v2\/pages"}],"about":[{"href":"https:\/\/www.klaunika.eu\/index.php?rest_route=\/wp\/v2\/types\/page"}],"author":[{"embeddable":true,"href":"https:\/\/www.klaunika.eu\/index.php?rest_route=\/wp\/v2\/users\/1"}],"replies":[{"embeddable":true,"href":"https:\/\/www.klaunika.eu\/index.php?rest_route=%2Fwp%2Fv2%2Fcomments&post=1382"}],"version-history":[{"count":3,"href":"https:\/\/www.klaunika.eu\/index.php?rest_route=\/wp\/v2\/pages\/1382\/revisions"}],"predecessor-version":[{"id":1486,"href":"https:\/\/www.klaunika.eu\/index.php?rest_route=\/wp\/v2\/pages\/1382\/revisions\/1486"}],"wp:featuredmedia":[{"embeddable":true,"href":"https:\/\/www.klaunika.eu\/index.php?rest_route=\/wp\/v2\/media\/1385"}],"wp:attachment":[{"href":"https:\/\/www.klaunika.eu\/index.php?rest_route=%2Fwp%2Fv2%2Fmedia&parent=1382"}],"curies":[{"name":"wp","href":"https:\/\/api.w.org\/{rel}","templated":true}]}}